Last updated on 2024-06-27 16:49:04 CEST.
Flavor | Version | Tinstall | Tcheck | Ttotal | Status | Flags |
---|---|---|---|---|---|---|
r-devel-linux-x86_64-debian-clang | 0.9.0 | OK | ||||
r-devel-linux-x86_64-debian-gcc | 0.9.0 | 112.38 | 34.64 | 147.02 | OK | |
r-devel-linux-x86_64-fedora-clang | 0.9.0 | 258.69 | OK | |||
r-devel-linux-x86_64-fedora-gcc | 0.9.0 | 311.70 | OK | |||
r-devel-windows-x86_64 | 0.9.0 | 108.00 | 72.00 | 180.00 | OK | |
r-patched-linux-x86_64 | 0.9.0 | 139.17 | 43.62 | 182.79 | OK | |
r-release-linux-x86_64 | 0.9.0 | 139.32 | 43.49 | 182.81 | OK | |
r-release-macos-arm64 | 0.9.0 | 59.00 | NOTE | |||
r-release-macos-x86_64 | 0.9.0 | 57.00 | NOTE | |||
r-release-windows-x86_64 | 0.9.0 | 112.00 | 77.00 | 189.00 | OK | |
r-oldrel-macos-arm64 | 0.9.0 | 62.00 | NOTE | |||
r-oldrel-macos-x86_64 | 0.9.0 | 82.00 | NOTE | |||
r-oldrel-windows-x86_64 | 0.9.0 | 137.00 | 84.00 | 221.00 | OK |
Version: 0.9.0
Check: installed package size
Result: NOTE
installed size is 39.2Mb
sub-directories of 1Mb or more:
libs 39.1Mb
Flavors: r-release-macos-arm64, r-release-macos-x86_64, r-oldrel-macos-arm64, r-oldrel-macos-x86_64