Last updated on 2024-07-13 11:49:11 CEST.
Flavor | Version | Tinstall | Tcheck | Ttotal | Status | Flags |
---|---|---|---|---|---|---|
r-devel-linux-x86_64-debian-clang | 0.9.0 | 160.66 | 33.66 | 194.32 | OK | |
r-devel-linux-x86_64-debian-gcc | 0.9.0 | 110.60 | 35.10 | 145.70 | OK | |
r-devel-linux-x86_64-fedora-clang | 0.9.0 | 258.69 | OK | |||
r-devel-linux-x86_64-fedora-gcc | 0.9.0 | 300.53 | OK | |||
r-devel-windows-x86_64 | 0.9.0 | 115.00 | 74.00 | 189.00 | OK | |
r-patched-linux-x86_64 | 0.9.0 | 141.35 | 42.38 | 183.73 | OK | |
r-release-linux-x86_64 | 0.9.0 | 128.86 | 43.20 | 172.06 | OK | |
r-release-macos-arm64 | 0.9.0 | 59.00 | NOTE | |||
r-release-macos-x86_64 | 0.9.0 | 57.00 | NOTE | |||
r-release-windows-x86_64 | 0.9.0 | 113.00 | 78.00 | 191.00 | OK | |
r-oldrel-macos-arm64 | 0.9.0 | 62.00 | NOTE | |||
r-oldrel-macos-x86_64 | 0.9.0 | 82.00 | NOTE | |||
r-oldrel-windows-x86_64 | 0.9.0 | 137.00 | 86.00 | 223.00 | OK |
Version: 0.9.0
Check: installed package size
Result: NOTE
installed size is 39.2Mb
sub-directories of 1Mb or more:
libs 39.1Mb
Flavors: r-release-macos-arm64, r-release-macos-x86_64, r-oldrel-macos-arm64, r-oldrel-macos-x86_64