Last updated on 2024-07-13 11:49:11 CEST.
Flavor | Version | Tinstall | Tcheck | Ttotal | Status | Flags |
---|---|---|---|---|---|---|
r-devel-linux-x86_64-debian-clang | 1.2 | 8.86 | 76.73 | 85.59 | NOTE | |
r-devel-linux-x86_64-debian-gcc | 1.2 | 6.40 | 57.31 | 63.71 | NOTE | |
r-devel-linux-x86_64-fedora-clang | 1.2 | 106.79 | NOTE | |||
r-devel-linux-x86_64-fedora-gcc | 1.2 | 99.19 | NOTE | |||
r-devel-windows-x86_64 | 1.2 | 8.00 | 71.00 | 79.00 | NOTE | |
r-patched-linux-x86_64 | 1.2 | 7.79 | 72.12 | 79.91 | NOTE | |
r-release-linux-x86_64 | 1.2 | 7.76 | 72.66 | 80.42 | NOTE | |
r-release-macos-arm64 | 1.2 | 29.00 | NOTE | |||
r-release-macos-x86_64 | 1.2 | 44.00 | NOTE | |||
r-release-windows-x86_64 | 1.2 | 8.00 | 74.00 | 82.00 | NOTE | |
r-oldrel-macos-arm64 | 1.2 | 34.00 | OK | |||
r-oldrel-macos-x86_64 | 1.2 | 53.00 | OK | |||
r-oldrel-windows-x86_64 | 1.2 | 10.00 | 86.00 | 96.00 | OK |
Version: 1.2
Check: Rd files
Result: NOTE
checkRd: (-1) electData.Rd:16: Lost braces; missing escapes or markup?
16 | Variables: \code{id} = {identification number},
| ^
checkRd: (-1) electData.Rd:17: Lost braces; missing escapes or markup?
17 | \code{state} = {state}, \code{age} = age in years on a shifted scale (current age minus 70),
| ^
checkRd: (-1) summary.elect.Rd:25: Lost braces; missing escapes or markup?
25 | TRUE for output on start-state totals e_{r.} (for \code{S}>0)
| ^
Flavors: r-devel-linux-x86_64-debian-clang, r-devel-linux-x86_64-debian-gcc, r-devel-linux-x86_64-fedora-clang, r-devel-linux-x86_64-fedora-gcc, r-devel-windows-x86_64, r-patched-linux-x86_64, r-release-linux-x86_64, r-release-macos-arm64, r-release-macos-x86_64, r-release-windows-x86_64