Last updated on 2024-07-13 05:49:12 CEST.
Flavor | Version | Tinstall | Tcheck | Ttotal | Status | Flags |
---|---|---|---|---|---|---|
r-devel-linux-x86_64-debian-clang | 0.2.3 | 151.69 | 35.07 | 186.76 | OK | |
r-devel-linux-x86_64-debian-gcc | 0.2.3 | 128.10 | 34.68 | 162.78 | OK | |
r-devel-linux-x86_64-fedora-clang | 0.2.3 | 249.05 | OK | |||
r-devel-linux-x86_64-fedora-gcc | 0.2.3 | 334.52 | WARN | |||
r-devel-windows-x86_64 | 0.2.3 | 111.00 | 78.00 | 189.00 | OK | |
r-patched-linux-x86_64 | 0.2.3 | 147.94 | 43.22 | 191.16 | OK | |
r-release-linux-x86_64 | 0.2.3 | 147.35 | 43.86 | 191.21 | OK | |
r-release-macos-arm64 | 0.2.3 | 70.00 | NOTE | |||
r-release-macos-x86_64 | 0.2.3 | 102.00 | NOTE | |||
r-release-windows-x86_64 | 0.2.3 | 111.00 | 81.00 | 192.00 | OK | |
r-oldrel-macos-arm64 | 0.2.3 | 95.00 | NOTE | |||
r-oldrel-macos-x86_64 | 0.2.3 | 149.00 | NOTE | |||
r-oldrel-windows-x86_64 | 0.2.3 | 138.00 | 88.00 | 226.00 | OK |
Version: 0.2.3
Check: whether package can be installed
Result: WARN
Found the following significant warnings:
../inst/include/Spectra/MatOp/internal/ArnoldiOp.h:112:44: warning: template-id not allowed for constructor in C++20 [-Wtemplate-id-cdtor]
See ‘/data/gannet/ripley/R/packages/tests-devel/eimpute.Rcheck/00install.out’ for details.
* used C++ compiler: ‘g++-14 (GCC) 14.1.0’
Flavor: r-devel-linux-x86_64-fedora-gcc
Version: 0.2.3
Check: installed package size
Result: NOTE
installed size is 50.4Mb
sub-directories of 1Mb or more:
libs 49.5Mb
Flavors: r-release-macos-arm64, r-release-macos-x86_64, r-oldrel-macos-arm64, r-oldrel-macos-x86_64