Last updated on 2024-06-21 09:55:43 CEST.
Flavor | Version | Tinstall | Tcheck | Ttotal | Status | Flags |
---|---|---|---|---|---|---|
r-devel-linux-x86_64-debian-clang | 1.2.0 | 94.88 | 90.46 | 185.34 | OK | |
r-devel-linux-x86_64-debian-gcc | 1.2.0 | 82.87 | 69.15 | 152.02 | OK | |
r-devel-linux-x86_64-fedora-clang | 1.2.0 | 235.10 | OK | |||
r-devel-linux-x86_64-fedora-gcc | 1.2.0 | 257.29 | OK | |||
r-devel-windows-x86_64 | 1.2.0 | 75.00 | 97.00 | 172.00 | NOTE | |
r-patched-linux-x86_64 | 1.2.0 | 107.25 | 88.71 | 195.96 | OK | |
r-release-linux-x86_64 | 1.2.0 | 100.29 | 87.34 | 187.63 | OK | |
r-release-macos-arm64 | 1.2.0 | 63.00 | NOTE | |||
r-release-macos-x86_64 | 1.2.0 | 104.00 | NOTE | |||
r-release-windows-x86_64 | 1.2.0 | 75.00 | 103.00 | 178.00 | NOTE | |
r-oldrel-macos-arm64 | 1.2.0 | 74.00 | NOTE | |||
r-oldrel-macos-x86_64 | 1.2.0 | 111.00 | NOTE | |||
r-oldrel-windows-x86_64 | 1.2.0 | 94.00 | 123.00 | 217.00 | NOTE |
Version: 1.2.0
Check: installed package size
Result: NOTE
installed size is 12.6Mb
sub-directories of 1Mb or more:
libs 12.5Mb
Flavors: r-devel-windows-x86_64, r-release-macos-arm64, r-release-macos-x86_64, r-release-windows-x86_64, r-oldrel-macos-arm64, r-oldrel-macos-x86_64, r-oldrel-windows-x86_64