Last updated on 2024-07-13 11:49:11 CEST.
Flavor | Version | Tinstall | Tcheck | Ttotal | Status | Flags |
---|---|---|---|---|---|---|
r-devel-linux-x86_64-debian-clang | 2.9.5 | 12.55 | 84.69 | 97.24 | OK | |
r-devel-linux-x86_64-debian-gcc | 2.9.5 | 8.53 | 61.65 | 70.18 | OK | |
r-devel-linux-x86_64-fedora-clang | 2.9.5 | 116.02 | OK | |||
r-devel-linux-x86_64-fedora-gcc | 2.9.5 | 118.74 | OK | |||
r-devel-windows-x86_64 | 2.9.5 | 11.00 | 107.00 | 118.00 | NOTE | |
r-patched-linux-x86_64 | 2.9.5 | 14.08 | 81.47 | 95.55 | OK | |
r-release-linux-x86_64 | 2.9.5 | 8.90 | 78.44 | 87.34 | OK | |
r-release-macos-arm64 | 2.9.5 | 42.00 | OK | |||
r-release-macos-x86_64 | 2.9.5 | 72.00 | OK | |||
r-release-windows-x86_64 | 2.9.5 | 10.00 | 106.00 | 116.00 | OK | |
r-oldrel-macos-arm64 | 2.9.5 | 47.00 | OK | |||
r-oldrel-macos-x86_64 | 2.9.5 | 86.00 | OK | |||
r-oldrel-windows-x86_64 | 2.9.5 | 12.00 | 110.00 | 122.00 | OK |
Version: 2.9.5
Check: Rd cross-references
Result: NOTE
Found the following Rd file(s) with Rd \link{} targets missing package
anchors:
as.lp.mip.Rd: make.lp
editrules.plotting.Rd: as.igraph
editrules_package.Rd: as.igraph
Please provide package anchors for all Rd \link{} targets not in the
package itself and the base packages.
Flavor: r-devel-windows-x86_64