Last updated on 2024-07-13 05:49:12 CEST.
Flavor | Version | Tinstall | Tcheck | Ttotal | Status | Flags |
---|---|---|---|---|---|---|
r-devel-linux-x86_64-debian-clang | 1.7-14 | 11.90 | 80.89 | 92.79 | OK | |
r-devel-linux-x86_64-debian-gcc | 1.7-14 | 9.64 | 58.19 | 67.83 | OK | |
r-devel-linux-x86_64-fedora-clang | 1.7-14 | 122.35 | OK | |||
r-devel-linux-x86_64-fedora-gcc | 1.7-14 | 123.09 | OK | |||
r-devel-windows-x86_64 | 1.7-14 | 14.00 | 108.00 | 122.00 | NOTE | |
r-patched-linux-x86_64 | 1.7-14 | 14.90 | 75.88 | 90.78 | OK | |
r-release-linux-x86_64 | 1.7-14 | 10.76 | 76.82 | 87.58 | OK | |
r-release-macos-arm64 | 1.7-14 | 43.00 | OK | |||
r-release-macos-x86_64 | 1.7-14 | 97.00 | OK | |||
r-release-windows-x86_64 | 1.7-14 | 16.00 | 110.00 | 126.00 | OK | |
r-oldrel-macos-arm64 | 1.7-14 | 48.00 | OK | |||
r-oldrel-macos-x86_64 | 1.7-14 | 125.00 | OK | |||
r-oldrel-windows-x86_64 | 1.7-14 | 17.00 | 114.00 | 131.00 | OK |
Version: 1.7-14
Check: Rd cross-references
Result: NOTE
Found the following Rd file(s) with Rd \link{} targets missing package
anchors:
matchControls.Rd: daisy
Please provide package anchors for all Rd \link{} targets not in the
package itself and the base packages.
Flavor: r-devel-windows-x86_64