Last updated on 2024-06-21 15:52:50 CEST.
Flavor | Version | Tinstall | Tcheck | Ttotal | Status | Flags |
---|---|---|---|---|---|---|
r-devel-linux-x86_64-debian-clang | 0.4-6 | 45.19 | 101.23 | 146.42 | OK | |
r-devel-linux-x86_64-debian-gcc | 0.4-6 | 33.94 | 73.99 | 107.93 | OK | |
r-devel-linux-x86_64-fedora-clang | 0.4-6 | 194.80 | OK | |||
r-devel-linux-x86_64-fedora-gcc | 0.4-6 | 205.97 | OK | |||
r-devel-windows-x86_64 | 0.4-6 | 36.00 | 108.00 | 144.00 | OK | |
r-patched-linux-x86_64 | 0.4-6 | 38.65 | 96.74 | 135.39 | OK | |
r-release-linux-x86_64 | 0.4-6 | 37.31 | 95.49 | 132.80 | OK | |
r-release-macos-arm64 | 0.4-6 | 52.00 | NOTE | |||
r-release-macos-x86_64 | 0.4-6 | 101.00 | NOTE | |||
r-release-windows-x86_64 | 0.4-6 | 37.00 | 109.00 | 146.00 | OK | |
r-oldrel-macos-arm64 | 0.4-6 | 57.00 | NOTE | |||
r-oldrel-macos-x86_64 | 0.4-6 | 147.00 | NOTE | |||
r-oldrel-windows-x86_64 | 0.4-6 | 43.00 | 133.00 | 176.00 | OK |
Version: 0.4-6
Check: installed package size
Result: NOTE
installed size is 5.6Mb
sub-directories of 1Mb or more:
libs 5.4Mb
Flavors: r-release-macos-arm64, r-release-macos-x86_64, r-oldrel-macos-arm64, r-oldrel-macos-x86_64