Last updated on 2024-06-27 16:49:03 CEST.
Flavor | Version | Tinstall | Tcheck | Ttotal | Status | Flags |
---|---|---|---|---|---|---|
r-devel-linux-x86_64-debian-clang | 0.1.0 | NOTE | ||||
r-devel-linux-x86_64-debian-gcc | 0.1.0 | 2.18 | 29.35 | 31.53 | NOTE | |
r-devel-linux-x86_64-fedora-clang | 0.1.0 | 53.76 | NOTE | |||
r-devel-linux-x86_64-fedora-gcc | 0.1.0 | 54.31 | NOTE | |||
r-devel-windows-x86_64 | 0.1.0 | 4.00 | 53.00 | 57.00 | NOTE | |
r-patched-linux-x86_64 | 0.1.0 | 2.43 | 37.12 | 39.55 | NOTE | |
r-release-linux-x86_64 | 0.1.0 | 3.82 | 37.96 | 41.78 | NOTE | |
r-release-macos-arm64 | 0.1.0 | 20.00 | NOTE | |||
r-release-macos-x86_64 | 0.1.0 | 28.00 | NOTE | |||
r-release-windows-x86_64 | 0.1.0 | 4.00 | 55.00 | 59.00 | NOTE | |
r-oldrel-macos-arm64 | 0.1.0 | 21.00 | OK | |||
r-oldrel-macos-x86_64 | 0.1.0 | 28.00 | OK | |||
r-oldrel-windows-x86_64 | 0.1.0 | 5.00 | 55.00 | 60.00 | OK |
Version: 0.1.0
Check: Rd files
Result: NOTE
checkRd: (-1) Mena.Rd:14: Lost braces in \itemize; meant \describe ?
checkRd: (-1) Mena.Rd:15: Lost braces in \itemize; meant \describe ?
checkRd: (-1) Mena.Rd:16: Lost braces in \itemize; meant \describe ?
checkRd: (-1) Mena.Rd:17: Lost braces in \itemize; meant \describe ?
checkRd: (-1) Mena.Rd:18: Lost braces in \itemize; meant \describe ?
checkRd: (-1) Mena.Rd:19: Lost braces in \itemize; meant \describe ?
Flavors: r-devel-linux-x86_64-debian-clang, r-devel-linux-x86_64-debian-gcc, r-devel-linux-x86_64-fedora-clang, r-devel-linux-x86_64-fedora-gcc, r-devel-windows-x86_64, r-patched-linux-x86_64, r-release-linux-x86_64, r-release-macos-arm64, r-release-macos-x86_64, r-release-windows-x86_64