Last updated on 2024-06-27 10:49:29 CEST.
Flavor | Version | Tinstall | Tcheck | Ttotal | Status | Flags |
---|---|---|---|---|---|---|
r-devel-linux-x86_64-debian-clang | 1.0.4 | OK | ||||
r-devel-linux-x86_64-debian-gcc | 1.0.4 | 3.54 | 120.92 | 124.46 | OK | |
r-devel-linux-x86_64-fedora-clang | 1.0.4 | 215.26 | OK | |||
r-devel-linux-x86_64-fedora-gcc | 1.0.4 | 232.02 | OK | |||
r-devel-windows-x86_64 | 1.0.4 | 5.00 | 152.00 | 157.00 | OK | |
r-patched-linux-x86_64 | 1.0.4 | 3.63 | 161.27 | 164.90 | OK | |
r-release-linux-x86_64 | 1.0.4 | 4.32 | 165.57 | 169.89 | OK | |
r-release-macos-arm64 | 1.0.4 | 94.00 | OK | |||
r-release-macos-x86_64 | 1.0.4 | 236.00 | OK | |||
r-release-windows-x86_64 | 1.0.4 | 10.00 | 157.00 | 167.00 | OK | |
r-oldrel-macos-arm64 | 1.0.4 | 105.00 | ERROR | |||
r-oldrel-macos-x86_64 | 1.0.4 | 256.00 | ERROR | |||
r-oldrel-windows-x86_64 | 1.0.4 | 7.00 | 177.00 | 184.00 | OK |
Version: 1.0.4
Check: running R code from vignettes
Result: ERROR
Errors in running code in vignettes:
when running code in ‘end_to_end_workflow.rmd’
...
> knitr::opts_chunk$set(collapse = TRUE, comment = "#>",
+ eval = FALSE, out.width = "100%")
> DefaultAssay(s) = "RNA"
When sourcing ‘end_to_end_workflow.R’:
Error: object 's' not found
Execution halted
‘additional_topics.Rmd’ using ‘UTF-8’... [1s/1s] OK
‘end_to_end_workflow.rmd’ using ‘UTF-8’... failed
‘no_empty_drops.Rmd’ using ‘UTF-8’... [8s/10s] OK
‘understanding_dsb.Rmd’ using ‘UTF-8’... [13s/17s] OK
Flavor: r-oldrel-macos-arm64
Version: 1.0.4
Check: running R code from vignettes
Result: ERROR
Errors in running code in vignettes:
when running code in ‘end_to_end_workflow.rmd’
...
> knitr::opts_chunk$set(collapse = TRUE, comment = "#>",
+ eval = FALSE, out.width = "100%")
> DefaultAssay(s) = "RNA"
When sourcing ‘end_to_end_workflow.R’:
Error: object 's' not found
Execution halted
‘additional_topics.Rmd’ using ‘UTF-8’... [1s/2s] OK
‘end_to_end_workflow.rmd’ using ‘UTF-8’... failed
‘no_empty_drops.Rmd’ using ‘UTF-8’... [16s/30s] OK
‘understanding_dsb.Rmd’ using ‘UTF-8’... [25s/47s] OK
Flavor: r-oldrel-macos-x86_64