Last updated on 2024-08-10 16:48:54 CEST.
Flavor | Version | Tinstall | Tcheck | Ttotal | Status | Flags |
---|---|---|---|---|---|---|
r-devel-linux-x86_64-debian-clang | 0.1.1 | 15.46 | 37.29 | 52.75 | OK | |
r-devel-linux-x86_64-debian-gcc | 0.1.1 | 10.99 | 27.11 | 38.10 | OK | |
r-devel-linux-x86_64-fedora-clang | 0.1.1 | 94.35 | NOTE | |||
r-devel-linux-x86_64-fedora-gcc | 0.1.1 | 120.41 | OK | |||
r-devel-windows-x86_64 | 0.1.1 | 17.00 | 82.00 | 99.00 | OK | |
r-patched-linux-x86_64 | 0.1.1 | 15.85 | 35.94 | 51.79 | OK | |
r-release-linux-x86_64 | 0.1.1 | 15.33 | 35.85 | 51.18 | OK | |
r-release-macos-arm64 | 0.1.1 | 38.00 | OK | |||
r-release-macos-x86_64 | 0.1.1 | 73.00 | OK | |||
r-release-windows-x86_64 | 0.1.1 | 18.00 | 81.00 | 99.00 | OK | |
r-oldrel-macos-arm64 | 0.1.1 | 42.00 | OK | |||
r-oldrel-macos-x86_64 | 0.1.1 | 73.00 | OK | |||
r-oldrel-windows-x86_64 | 0.1.1 | 18.00 | 90.00 | 108.00 | OK |
Version: 0.1.1
Check: Rd cross-references
Result: NOTE
Undeclared package ‘RcppEigen’ in Rd xrefs
Flavor: r-devel-linux-x86_64-fedora-clang