Last updated on 2024-06-27 10:49:29 CEST.
Flavor | Version | Tinstall | Tcheck | Ttotal | Status | Flags |
---|---|---|---|---|---|---|
r-devel-linux-x86_64-debian-clang | 1.1-1 | NOTE | ||||
r-devel-linux-x86_64-debian-gcc | 1.1-1 | 2.78 | 18.70 | 21.48 | NOTE | |
r-devel-linux-x86_64-fedora-clang | 1.1-1 | 35.00 | NOTE | |||
r-devel-linux-x86_64-fedora-gcc | 1.1-1 | 35.53 | NOTE | |||
r-devel-windows-x86_64 | 1.1-1 | 8.00 | 46.00 | 54.00 | NOTE | |
r-patched-linux-x86_64 | 1.1-1 | 2.96 | 23.57 | 26.53 | OK | |
r-release-linux-x86_64 | 1.1-1 | 3.28 | 23.19 | 26.47 | OK | |
r-release-macos-arm64 | 1.1-1 | 17.00 | OK | |||
r-release-macos-x86_64 | 1.1-1 | 36.00 | OK | |||
r-release-windows-x86_64 | 1.1-1 | 9.00 | 47.00 | 56.00 | OK | |
r-oldrel-macos-arm64 | 1.1-1 | 32.00 | OK | |||
r-oldrel-macos-x86_64 | 1.1-1 | 52.00 | OK | |||
r-oldrel-windows-x86_64 | 1.1-1 | 9.00 | 48.00 | 57.00 | OK |
Version: 1.1-1
Check: compiled code
Result: NOTE
File ‘dotCall64/libs/dotCall64.so’:
Found non-API call to R: ‘NAMED’
Compiled code should not call non-API entry points in R.
See ‘Writing portable packages’ in the ‘Writing R Extensions’ manual.
Flavors: r-devel-linux-x86_64-debian-clang, r-devel-linux-x86_64-fedora-clang, r-devel-linux-x86_64-fedora-gcc
Version: 1.1-1
Check: compiled code
Result: NOTE
File ‘dotCall64/libs/dotCall64.so’:
Found non-API call to R: ‘NAMED’
Compiled code should not call non-API entry points in R.
See ‘Writing portable packages’ in the ‘Writing R Extensions’ manual.
See section ‘Moving into C API compliance’ in the ‘Writing R
Extensions’ manual for issues with use of non-API entry points.
Flavor: r-devel-linux-x86_64-debian-gcc
Version: 1.1-1
Check: compiled code
Result: NOTE
File 'dotCall64/libs/x64/dotCall64.dll':
Found non-API call to R: 'NAMED'
Compiled code should not call non-API entry points in R.
See 'Writing portable packages' in the 'Writing R Extensions' manual.
Flavor: r-devel-windows-x86_64