Last updated on 2024-06-27 16:49:03 CEST.
Flavor | Version | Tinstall | Tcheck | Ttotal | Status | Flags |
---|---|---|---|---|---|---|
r-devel-linux-x86_64-debian-clang | 0.2.1 | NOTE | ||||
r-devel-linux-x86_64-debian-gcc | 0.2.1 | 10.09 | 149.43 | 159.52 | NOTE | |
r-devel-linux-x86_64-fedora-clang | 0.2.1 | 271.00 | NOTE | |||
r-devel-linux-x86_64-fedora-gcc | 0.2.1 | 289.72 | NOTE | |||
r-devel-windows-x86_64 | 0.2.1 | 14.00 | 197.00 | 211.00 | NOTE | |
r-patched-linux-x86_64 | 0.2.1 | 19.03 | 194.91 | 213.94 | NOTE | |
r-release-linux-x86_64 | 0.2.1 | 15.36 | 196.03 | 211.39 | NOTE | |
r-release-macos-arm64 | 0.2.1 | 80.00 | NOTE | |||
r-release-macos-x86_64 | 0.2.1 | 144.00 | NOTE | |||
r-release-windows-x86_64 | 0.2.1 | 15.00 | 196.00 | 211.00 | NOTE | |
r-oldrel-macos-arm64 | 0.2.1 | 86.00 | OK | |||
r-oldrel-macos-x86_64 | 0.2.1 | 127.00 | OK | |||
r-oldrel-windows-x86_64 | 0.2.1 | 17.00 | 241.00 | 258.00 | OK |
Version: 0.2.1
Check: Rd files
Result: NOTE
checkRd: (-1) Exponential.Rd:31: Lost braces
31 | \strong{Support}: {x in [0, \eqn{\infty})}
| ^
Flavors: r-devel-linux-x86_64-debian-clang, r-devel-linux-x86_64-debian-gcc, r-devel-linux-x86_64-fedora-clang, r-devel-linux-x86_64-fedora-gcc, r-devel-windows-x86_64, r-patched-linux-x86_64, r-release-linux-x86_64, r-release-macos-arm64, r-release-macos-x86_64, r-release-windows-x86_64