Last updated on 2024-07-13 11:49:11 CEST.
Flavor | Version | Tinstall | Tcheck | Ttotal | Status | Flags |
---|---|---|---|---|---|---|
r-devel-linux-x86_64-debian-clang | 2.9.1 | 44.46 | 234.60 | 279.06 | OK | |
r-devel-linux-x86_64-debian-gcc | 2.9.1 | 42.90 | 165.20 | 208.10 | OK | |
r-devel-linux-x86_64-fedora-clang | 2.9.1 | 350.53 | NOTE | |||
r-devel-linux-x86_64-fedora-gcc | 2.9.1 | 344.45 | OK | |||
r-devel-windows-x86_64 | 2.9.1 | 41.00 | 226.00 | 267.00 | NOTE | |
r-patched-linux-x86_64 | 2.9.1 | 53.36 | 217.38 | 270.74 | OK | |
r-release-linux-x86_64 | 2.9.1 | 38.71 | 219.09 | 257.80 | OK | |
r-release-macos-arm64 | 2.9.1 | 87.00 | OK | |||
r-release-macos-x86_64 | 2.9.1 | 170.00 | OK | |||
r-release-windows-x86_64 | 2.9.1 | 40.00 | 223.00 | 263.00 | OK | |
r-oldrel-macos-arm64 | 2.9.1 | 101.00 | OK | |||
r-oldrel-macos-x86_64 | 2.9.1 | 207.00 | OK | |||
r-oldrel-windows-x86_64 | 2.9.1 | 56.00 | 264.00 | 320.00 | OK |
Version: 2.9.1
Check: Rd cross-references
Result: NOTE
Undeclared package ‘RobAStBase’ in Rd xrefs
Flavor: r-devel-linux-x86_64-fedora-clang
Version: 2.9.1
Check: Rd cross-references
Result: NOTE
Found the following Rd file(s) with Rd \link{} targets missing package
anchors:
qqplot.Rd: qqbounds
returnlevelplot.Rd: qqbounds
Please provide package anchors for all Rd \link{} targets not in the
package itself and the base packages.
Flavor: r-devel-windows-x86_64