Last updated on 2024-07-13 11:49:11 CEST.
Flavor | Version | Tinstall | Tcheck | Ttotal | Status | Flags |
---|---|---|---|---|---|---|
r-devel-linux-x86_64-debian-clang | 2.9.2 | 34.39 | 113.52 | 147.91 | OK | |
r-devel-linux-x86_64-debian-gcc | 2.9.2 | 25.73 | 81.09 | 106.82 | OK | |
r-devel-linux-x86_64-fedora-clang | 2.9.2 | 182.55 | NOTE | |||
r-devel-linux-x86_64-fedora-gcc | 2.9.2 | 172.75 | OK | |||
r-devel-windows-x86_64 | 2.9.2 | 30.00 | 114.00 | 144.00 | NOTE | |
r-patched-linux-x86_64 | 2.9.2 | 38.86 | 104.11 | 142.97 | OK | |
r-release-linux-x86_64 | 2.9.2 | 29.08 | 105.31 | 134.39 | OK | |
r-release-macos-arm64 | 2.9.2 | 49.00 | OK | |||
r-release-macos-x86_64 | 2.9.2 | 76.00 | OK | |||
r-release-windows-x86_64 | 2.9.2 | 28.00 | 114.00 | 142.00 | OK | |
r-oldrel-macos-arm64 | 2.9.2 | 60.00 | OK | |||
r-oldrel-macos-x86_64 | 2.9.2 | 142.00 | OK | |||
r-oldrel-windows-x86_64 | 2.9.2 | 28.00 | 133.00 | 161.00 | OK |
Version: 2.9.2
Check: Rd cross-references
Result: NOTE
Undeclared package ‘robustbase’ in Rd xrefs
Flavor: r-devel-linux-x86_64-fedora-clang
Version: 2.9.2
Check: Rd cross-references
Result: NOTE
Found the following Rd file(s) with Rd \link{} targets missing package
anchors:
EmpiricalMVDistribution.Rd: DiscreteDistribution
Please provide package anchors for all Rd \link{} targets not in the
package itself and the base packages.
Flavor: r-devel-windows-x86_64