Last updated on 2024-06-27 16:49:03 CEST.
Flavor | Version | Tinstall | Tcheck | Ttotal | Status | Flags |
---|---|---|---|---|---|---|
r-devel-linux-x86_64-debian-clang | 1.0.1 | OK | ||||
r-devel-linux-x86_64-debian-gcc | 1.0.1 | 32.03 | 54.23 | 86.26 | OK | |
r-devel-linux-x86_64-fedora-clang | 1.0.1 | 157.39 | OK | |||
r-devel-linux-x86_64-fedora-gcc | 1.0.1 | 178.62 | OK | |||
r-devel-windows-x86_64 | 1.0.1 | 37.00 | 92.00 | 129.00 | OK | |
r-patched-linux-x86_64 | 1.0.1 | 36.95 | 70.34 | 107.29 | OK | |
r-release-linux-x86_64 | 1.0.1 | 31.18 | 70.25 | 101.43 | OK | |
r-release-macos-arm64 | 1.0.1 | 54.00 | OK | |||
r-release-macos-x86_64 | 1.0.1 | 72.00 | OK | |||
r-release-windows-x86_64 | 1.0.1 | 41.00 | 95.00 | 136.00 | OK | |
r-oldrel-macos-arm64 | 1.0.1 | 52.00 | OK | |||
r-oldrel-macos-x86_64 | 1.0.1 | 73.00 | NOTE | |||
r-oldrel-windows-x86_64 | 1.0.1 | 50.00 | 107.00 | 157.00 | OK |
Version: 1.0.1
Check: package dependencies
Result: NOTE
Package suggested but not available for checking: ‘parallelDist’
Flavor: r-oldrel-macos-x86_64