Last updated on 2024-06-21 09:55:42 CEST.
Flavor | Version | Tinstall | Tcheck | Ttotal | Status | Flags |
---|---|---|---|---|---|---|
r-devel-linux-x86_64-debian-clang | 1.1 | 23.31 | 135.96 | 159.27 | NOTE | |
r-devel-linux-x86_64-debian-gcc | 1.1 | 22.94 | 101.39 | 124.33 | NOTE | |
r-devel-linux-x86_64-fedora-clang | 1.1 | 220.67 | NOTE | |||
r-devel-linux-x86_64-fedora-gcc | 1.1 | 211.11 | NOTE | |||
r-devel-windows-x86_64 | 1.1 | 18.00 | 112.00 | 130.00 | NOTE | |
r-patched-linux-x86_64 | 1.1 | 29.55 | 134.31 | 163.86 | NOTE | |
r-release-linux-x86_64 | 1.1 | 30.04 | 132.19 | 162.23 | NOTE | |
r-release-macos-arm64 | 1.1 | 48.00 | NOTE | |||
r-release-macos-x86_64 | 1.1 | 69.00 | NOTE | |||
r-release-windows-x86_64 | 1.1 | 16.00 | 116.00 | 132.00 | NOTE | |
r-oldrel-macos-arm64 | 1.1 | 40.00 | NOTE | |||
r-oldrel-macos-x86_64 | 1.1 | 70.00 | NOTE | |||
r-oldrel-windows-x86_64 | 1.1 | 20.00 | 134.00 | 154.00 | NOTE |
Version: 1.1
Check: LazyData
Result: NOTE
'LazyData' is specified without a 'data' directory
Flavors: r-devel-linux-x86_64-debian-clang, r-devel-linux-x86_64-debian-gcc, r-devel-linux-x86_64-fedora-clang, r-devel-linux-x86_64-fedora-gcc, r-devel-windows-x86_64, r-patched-linux-x86_64, r-release-linux-x86_64, r-release-macos-arm64, r-release-macos-x86_64, r-release-windows-x86_64, r-oldrel-macos-arm64, r-oldrel-macos-x86_64, r-oldrel-windows-x86_64