Last updated on 2024-07-13 11:49:11 CEST.
Flavor | Version | Tinstall | Tcheck | Ttotal | Status | Flags |
---|---|---|---|---|---|---|
r-devel-linux-x86_64-debian-clang | 0.5.4 | 9.17 | 56.62 | 65.79 | NOTE | |
r-devel-linux-x86_64-debian-gcc | 0.5.4 | 6.69 | 42.10 | 48.79 | NOTE | |
r-devel-linux-x86_64-fedora-clang | 0.5.4 | 82.04 | NOTE | |||
r-devel-linux-x86_64-fedora-gcc | 0.5.4 | 74.17 | NOTE | |||
r-devel-windows-x86_64 | 0.5.4 | 7.00 | 61.00 | 68.00 | NOTE | |
r-patched-linux-x86_64 | 0.5.4 | 8.67 | 55.11 | 63.78 | NOTE | |
r-release-linux-x86_64 | 0.5.4 | 6.11 | 55.30 | 61.41 | NOTE | |
r-release-macos-arm64 | 0.5.4 | 25.00 | NOTE | |||
r-release-macos-x86_64 | 0.5.4 | 48.00 | NOTE | |||
r-release-windows-x86_64 | 0.5.4 | 6.00 | 63.00 | 69.00 | NOTE | |
r-oldrel-macos-arm64 | 0.5.4 | 29.00 | NOTE | |||
r-oldrel-macos-x86_64 | 0.5.4 | 55.00 | NOTE | |||
r-oldrel-windows-x86_64 | 0.5.4 | 6.00 | 71.00 | 77.00 | NOTE |
Version: 0.5.4
Check: package dependencies
Result: NOTE
Package which this enhances but not available for checking: ‘gurobi’
Flavors: r-devel-linux-x86_64-debian-clang, r-devel-linux-x86_64-debian-gcc, r-patched-linux-x86_64, r-release-linux-x86_64
Version: 0.5.4
Check: package dependencies
Result: NOTE
Packages which this enhances but not available for checking:
'gurobi', 'Rcplex'
Flavors: r-devel-linux-x86_64-fedora-clang, r-devel-linux-x86_64-fedora-gcc, r-devel-windows-x86_64, r-release-macos-arm64, r-release-macos-x86_64, r-release-windows-x86_64, r-oldrel-macos-arm64, r-oldrel-macos-x86_64, r-oldrel-windows-x86_64