Last updated on 2024-06-27 10:49:29 CEST.
Flavor | Version | Tinstall | Tcheck | Ttotal | Status | Flags |
---|---|---|---|---|---|---|
r-devel-linux-x86_64-debian-clang | 0.3.0 | NOTE | ||||
r-devel-linux-x86_64-debian-gcc | 0.3.0 | 41.64 | 62.50 | 104.14 | NOTE | |
r-devel-linux-x86_64-fedora-clang | 0.3.0 | 181.62 | NOTE | |||
r-devel-linux-x86_64-fedora-gcc | 0.3.0 | 194.10 | NOTE | |||
r-devel-windows-x86_64 | 0.3.0 | 44.00 | 104.00 | 148.00 | NOTE | |
r-patched-linux-x86_64 | 0.3.0 | 51.69 | 78.23 | 129.92 | NOTE | |
r-release-linux-x86_64 | 0.3.0 | 48.03 | 77.99 | 126.02 | NOTE | |
r-release-macos-arm64 | 0.3.0 | 43.00 | NOTE | |||
r-release-macos-x86_64 | 0.3.0 | 63.00 | NOTE | |||
r-release-windows-x86_64 | 0.3.0 | 45.00 | 102.00 | 147.00 | NOTE | |
r-oldrel-macos-arm64 | 0.3.0 | 50.00 | NOTE | |||
r-oldrel-macos-x86_64 | 0.3.0 | 82.00 | NOTE | |||
r-oldrel-windows-x86_64 | 0.3.0 | 56.00 | 123.00 | 179.00 | NOTE |
Version: 0.3.0
Check: LazyData
Result: NOTE
'LazyData' is specified without a 'data' directory
Flavors: r-devel-linux-x86_64-debian-clang, r-devel-linux-x86_64-debian-gcc, r-devel-linux-x86_64-fedora-clang, r-devel-linux-x86_64-fedora-gcc, r-devel-windows-x86_64, r-patched-linux-x86_64, r-release-linux-x86_64, r-release-macos-arm64, r-release-macos-x86_64, r-release-windows-x86_64, r-oldrel-macos-arm64, r-oldrel-macos-x86_64, r-oldrel-windows-x86_64