Last updated on 2024-06-27 16:49:03 CEST.
Flavor | Version | Tinstall | Tcheck | Ttotal | Status | Flags |
---|---|---|---|---|---|---|
r-devel-linux-x86_64-debian-clang | 0.1-1 | OK | ||||
r-devel-linux-x86_64-debian-gcc | 0.1-1 | 12.37 | 82.58 | 94.95 | OK | |
r-devel-linux-x86_64-fedora-clang | 0.1-1 | 158.94 | OK | |||
r-devel-linux-x86_64-fedora-gcc | 0.1-1 | 158.33 | OK | |||
r-devel-windows-x86_64 | 0.1-1 | 84.00 | 243.00 | 327.00 | OK | |
r-patched-linux-x86_64 | 0.1-1 | 15.48 | 106.82 | 122.30 | OK | |
r-release-linux-x86_64 | 0.1-1 | 9.40 | 106.63 | 116.03 | OK | |
r-release-macos-arm64 | 0.1-1 | 46.00 | OK | |||
r-release-macos-x86_64 | 0.1-1 | 98.00 | OK | |||
r-release-windows-x86_64 | 0.1-1 | 78.00 | 244.00 | 322.00 | OK | |
r-oldrel-macos-arm64 | 0.1-1 | 47.00 | OK | |||
r-oldrel-macos-x86_64 | 0.1-1 | 71.00 | NOTE | |||
r-oldrel-windows-x86_64 | 0.1-1 | 48.00 | 179.00 | 227.00 | OK |
Version: 0.1-1
Check: package dependencies
Result: NOTE
Packages suggested but not available for checking: 'tram', 'cotram'
Flavor: r-oldrel-macos-x86_64
Version: 0.1-1
Check: Rd cross-references
Result: NOTE
Package unavailable to check Rd xrefs: ‘tram’
Flavor: r-oldrel-macos-x86_64