Last updated on 2024-06-27 16:49:02 CEST.
Flavor | Version | Tinstall | Tcheck | Ttotal | Status | Flags |
---|---|---|---|---|---|---|
r-devel-linux-x86_64-debian-clang | 0.24 | NOTE | ||||
r-devel-linux-x86_64-debian-gcc | 0.24 | 5.78 | 44.38 | 50.16 | NOTE | |
r-devel-linux-x86_64-fedora-clang | 0.24 | 83.20 | NOTE | |||
r-devel-linux-x86_64-fedora-gcc | 0.24 | 85.80 | NOTE | |||
r-devel-windows-x86_64 | 0.24 | 9.00 | 59.00 | 68.00 | NOTE | |
r-patched-linux-x86_64 | 0.24 | 6.73 | 58.85 | 65.58 | OK | |
r-release-linux-x86_64 | 0.24 | 7.89 | 59.51 | 67.40 | OK | |
r-release-macos-arm64 | 0.24 | 25.00 | OK | |||
r-release-macos-x86_64 | 0.24 | 37.00 | OK | |||
r-release-windows-x86_64 | 0.24 | 9.00 | 58.00 | 67.00 | OK | |
r-oldrel-macos-arm64 | 0.24 | 31.00 | OK | |||
r-oldrel-macos-x86_64 | 0.24 | 75.00 | OK | |||
r-oldrel-windows-x86_64 | 0.24 | 15.00 | 69.00 | 84.00 | OK |
Version: 0.24
Check: compiled code
Result: NOTE
File ‘declared/libs/declared.so’:
Found non-API calls to R: ‘ENVFLAGS’, ‘SET_ENVFLAGS’
Compiled code should not call non-API entry points in R.
See ‘Writing portable packages’ in the ‘Writing R Extensions’ manual.
Flavors: r-devel-linux-x86_64-debian-clang, r-devel-linux-x86_64-fedora-clang, r-devel-linux-x86_64-fedora-gcc
Version: 0.24
Check: compiled code
Result: NOTE
File ‘declared/libs/declared.so’:
Found non-API calls to R: ‘ENVFLAGS’, ‘SET_ENVFLAGS’
Compiled code should not call non-API entry points in R.
See ‘Writing portable packages’ in the ‘Writing R Extensions’ manual.
See section ‘Moving into C API compliance’ in the ‘Writing R
Extensions’ manual for issues with use of non-API entry points.
Flavor: r-devel-linux-x86_64-debian-gcc
Version: 0.24
Check: compiled code
Result: NOTE
File 'declared/libs/x64/declared.dll':
Found non-API calls to R: 'ENVFLAGS', 'SET_ENVFLAGS'
Compiled code should not call non-API entry points in R.
See 'Writing portable packages' in the 'Writing R Extensions' manual.
Flavor: r-devel-windows-x86_64