Last updated on 2024-07-13 11:49:10 CEST.
Flavor | Version | Tinstall | Tcheck | Ttotal | Status | Flags |
---|---|---|---|---|---|---|
r-devel-linux-x86_64-debian-clang | 0.2.1 | 26.11 | 331.68 | 357.79 | OK | |
r-devel-linux-x86_64-debian-gcc | 0.2.1 | 16.99 | 242.03 | 259.02 | OK | |
r-devel-linux-x86_64-fedora-clang | 0.2.1 | 443.33 | NOTE | |||
r-devel-linux-x86_64-fedora-gcc | 0.2.1 | 427.05 | OK | |||
r-devel-windows-x86_64 | 0.2.1 | 22.00 | 276.00 | 298.00 | NOTE | |
r-patched-linux-x86_64 | 0.2.1 | 18.58 | 326.81 | 345.39 | OK | |
r-release-linux-x86_64 | 0.2.1 | 16.71 | 321.68 | 338.39 | OK | |
r-release-macos-arm64 | 0.2.1 | 118.00 | NOTE | |||
r-release-macos-x86_64 | 0.2.1 | 180.00 | NOTE | |||
r-release-windows-x86_64 | 0.2.1 | 21.00 | 276.00 | 297.00 | NOTE | |
r-oldrel-macos-arm64 | 0.2.1 | 117.00 | NOTE | |||
r-oldrel-macos-x86_64 | 0.2.1 | 200.00 | NOTE | |||
r-oldrel-windows-x86_64 | 0.2.1 | 26.00 | 352.00 | 378.00 | NOTE |
Version: 0.2.1
Check: installed package size
Result: NOTE
installed size is 5.4Mb
sub-directories of 1Mb or more:
data 4.2Mb
Flavors: r-devel-linux-x86_64-fedora-clang, r-devel-windows-x86_64, r-release-macos-arm64, r-release-macos-x86_64, r-release-windows-x86_64, r-oldrel-macos-arm64, r-oldrel-macos-x86_64, r-oldrel-windows-x86_64