Last updated on 2024-06-21 15:52:50 CEST.
Flavor | Version | Tinstall | Tcheck | Ttotal | Status | Flags |
---|---|---|---|---|---|---|
r-devel-linux-x86_64-debian-clang | 1.1.0 | 13.57 | 148.05 | 161.62 | NOTE | |
r-devel-linux-x86_64-debian-gcc | 1.1.0 | 9.14 | 107.31 | 116.45 | NOTE | |
r-devel-linux-x86_64-fedora-clang | 1.1.0 | 199.75 | NOTE | |||
r-devel-linux-x86_64-fedora-gcc | 1.1.0 | 223.94 | NOTE | |||
r-devel-windows-x86_64 | 1.1.0 | 12.00 | 129.00 | 141.00 | NOTE | |
r-patched-linux-x86_64 | 1.1.0 | 8.86 | 139.26 | 148.12 | NOTE | |
r-release-linux-x86_64 | 1.1.0 | 7.39 | 142.38 | 149.77 | NOTE | |
r-release-macos-arm64 | 1.1.0 | 56.00 | NOTE | |||
r-release-macos-x86_64 | 1.1.0 | 93.00 | NOTE | |||
r-release-windows-x86_64 | 1.1.0 | 12.00 | 126.00 | 138.00 | NOTE | |
r-oldrel-macos-arm64 | 1.1.0 | 67.00 | OK | |||
r-oldrel-macos-x86_64 | 1.1.0 | 136.00 | OK | |||
r-oldrel-windows-x86_64 | 1.1.0 | 15.00 | 156.00 | 171.00 | OK |
Version: 1.1.0
Check: Rd files
Result: NOTE
checkRd: (-1) value_missing_table.Rd:19: Lost braces in \itemize; \value handles \item{}{} directly
checkRd: (-1) value_missing_table.Rd:20: Lost braces in \itemize; \value handles \item{}{} directly
Flavors: r-devel-linux-x86_64-debian-clang, r-devel-linux-x86_64-debian-gcc, r-devel-linux-x86_64-fedora-clang, r-devel-linux-x86_64-fedora-gcc, r-devel-windows-x86_64, r-patched-linux-x86_64, r-release-linux-x86_64, r-release-macos-arm64, r-release-macos-x86_64, r-release-windows-x86_64