Last updated on 2024-06-27 16:49:02 CEST.
Flavor | Version | Tinstall | Tcheck | Ttotal | Status | Flags |
---|---|---|---|---|---|---|
r-devel-linux-x86_64-debian-clang | 1.4.1 | NOTE | ||||
r-devel-linux-x86_64-debian-gcc | 1.4.1 | 7.59 | 74.30 | 81.89 | NOTE | |
r-devel-linux-x86_64-fedora-clang | 1.4.1 | 139.71 | NOTE | |||
r-devel-linux-x86_64-fedora-gcc | 1.4.1 | 156.01 | NOTE | |||
r-devel-windows-x86_64 | 1.4.1 | 9.00 | 108.00 | 117.00 | NOTE | |
r-patched-linux-x86_64 | 1.4.1 | 17.73 | 96.35 | 114.08 | NOTE | |
r-release-linux-x86_64 | 1.4.1 | 6.05 | 97.04 | 103.09 | NOTE | |
r-release-macos-arm64 | 1.4.1 | 49.00 | NOTE | |||
r-release-macos-x86_64 | 1.4.1 | 70.00 | NOTE | |||
r-release-windows-x86_64 | 1.4.1 | 12.00 | 109.00 | 121.00 | NOTE | |
r-oldrel-macos-arm64 | 1.4.1 | 52.00 | OK | |||
r-oldrel-macos-x86_64 | 1.4.1 | 82.00 | OK | |||
r-oldrel-windows-x86_64 | 1.4.1 | 14.00 | 123.00 | 137.00 | OK |
Version: 1.4.1
Check: Rd files
Result: NOTE
checkRd: (-1) defaultFactorSummaries.Rd:29: Lost braces
29 | code{\link{variableType}}, \code{\link{countMissing}}, \code{\link{uniqueValues}},
| ^
Flavors: r-devel-linux-x86_64-debian-clang, r-devel-linux-x86_64-debian-gcc, r-devel-linux-x86_64-fedora-clang, r-devel-linux-x86_64-fedora-gcc, r-devel-windows-x86_64, r-patched-linux-x86_64, r-release-linux-x86_64, r-release-macos-arm64, r-release-macos-x86_64, r-release-windows-x86_64