Last updated on 2024-06-27 16:49:02 CEST.
Flavor | Version | Tinstall | Tcheck | Ttotal | Status | Flags |
---|---|---|---|---|---|---|
r-devel-linux-x86_64-debian-clang | 0.1.0 | OK | ||||
r-devel-linux-x86_64-debian-gcc | 0.1.0 | 2.00 | 23.45 | 25.45 | OK | |
r-devel-linux-x86_64-fedora-clang | 0.1.0 | 39.86 | NOTE | |||
r-devel-linux-x86_64-fedora-gcc | 0.1.0 | 39.93 | NOTE | |||
r-devel-windows-x86_64 | 0.1.0 | 3.00 | 46.00 | 49.00 | OK | |
r-patched-linux-x86_64 | 0.1.0 | 1.74 | 28.82 | 30.56 | OK | |
r-release-linux-x86_64 | 0.1.0 | 3.04 | 28.34 | 31.38 | OK | |
r-release-macos-arm64 | 0.1.0 | 18.00 | OK | |||
r-release-macos-x86_64 | 0.1.0 | 24.00 | OK | |||
r-release-windows-x86_64 | 0.1.0 | 3.00 | 45.00 | 48.00 | OK | |
r-oldrel-macos-arm64 | 0.1.0 | 21.00 | OK | |||
r-oldrel-macos-x86_64 | 0.1.0 | 24.00 | OK | |||
r-oldrel-windows-x86_64 | 0.1.0 | 4.00 | 49.00 | 53.00 | OK |
Version: 0.1.0
Check: dependencies in R code
Result: NOTE
Namespace in Imports field not imported from: ‘knitr’
All declared Imports should be used.
Flavors: r-devel-linux-x86_64-fedora-clang, r-devel-linux-x86_64-fedora-gcc
Version: 0.1.0
Check: data for non-ASCII characters
Result: NOTE
Note: found 212 marked Latin-1 strings
Note: found 12719 marked UTF-8 strings
Flavors: r-devel-linux-x86_64-fedora-clang, r-devel-linux-x86_64-fedora-gcc