Last updated on 2024-06-27 16:49:02 CEST.
Flavor | Version | Tinstall | Tcheck | Ttotal | Status | Flags |
---|---|---|---|---|---|---|
r-devel-linux-x86_64-debian-clang | 1.0.42 | OK | ||||
r-devel-linux-x86_64-debian-gcc | 1.0.42 | 5.40 | 45.11 | 50.51 | OK | |
r-devel-linux-x86_64-fedora-clang | 1.0.42 | 82.26 | NOTE | |||
r-devel-linux-x86_64-fedora-gcc | 1.0.42 | 98.43 | OK | |||
r-devel-windows-x86_64 | 1.0.42 | 8.00 | 65.00 | 73.00 | NOTE | |
r-patched-linux-x86_64 | 1.0.42 | 7.37 | 56.72 | 64.09 | OK | |
r-release-linux-x86_64 | 1.0.42 | 7.30 | 57.06 | 64.36 | OK | |
r-release-macos-arm64 | 1.0.42 | 34.00 | NOTE | |||
r-release-macos-x86_64 | 1.0.42 | 51.00 | NOTE | |||
r-release-windows-x86_64 | 1.0.42 | 8.00 | 66.00 | 74.00 | NOTE | |
r-oldrel-macos-arm64 | 1.0.42 | 37.00 | NOTE | |||
r-oldrel-macos-x86_64 | 1.0.42 | 46.00 | NOTE | |||
r-oldrel-windows-x86_64 | 1.0.42 | 10.00 | 75.00 | 85.00 | NOTE |
Version: 1.0.42
Check: installed package size
Result: NOTE
installed size is 5.9Mb
sub-directories of 1Mb or more:
docs 1.0Mb
extdata 1.4Mb
htmlwidgets 1.5Mb
Flavors: r-devel-linux-x86_64-fedora-clang, r-devel-windows-x86_64, r-release-macos-arm64, r-release-macos-x86_64, r-release-windows-x86_64, r-oldrel-macos-arm64, r-oldrel-macos-x86_64, r-oldrel-windows-x86_64