Last updated on 2024-07-13 11:49:10 CEST.
Flavor | Version | Tinstall | Tcheck | Ttotal | Status | Flags |
---|---|---|---|---|---|---|
r-devel-linux-x86_64-debian-clang | 1.6.1 | 15.02 | 539.37 | 554.39 | OK | |
r-devel-linux-x86_64-debian-gcc | 1.6.1 | 15.06 | 391.39 | 406.45 | OK | |
r-devel-linux-x86_64-fedora-clang | 1.6.1 | 689.19 | OK | |||
r-devel-linux-x86_64-fedora-gcc | 1.6.1 | 664.00 | OK | |||
r-devel-windows-x86_64 | 1.6.1 | 19.00 | 368.00 | 387.00 | OK | |
r-patched-linux-x86_64 | 1.6.1 | 23.29 | 512.98 | 536.27 | OK | |
r-release-linux-x86_64 | 1.6.1 | 13.59 | 510.15 | 523.74 | OK | |
r-release-macos-arm64 | 1.6.1 | 190.00 | OK | |||
r-release-macos-x86_64 | 1.6.1 | 281.00 | OK | |||
r-release-windows-x86_64 | 1.6.1 | 18.00 | 361.00 | 379.00 | OK | |
r-oldrel-macos-arm64 | 1.6.1 | 183.00 | OK | |||
r-oldrel-macos-x86_64 | 1.6.1 | 376.00 | NOTE | |||
r-oldrel-windows-x86_64 | 1.6.1 | 22.00 | 476.00 | 498.00 | OK |
Version: 1.6.1
Check: installed package size
Result: NOTE
installed size is 5.7Mb
sub-directories of 1Mb or more:
data 2.1Mb
doc 2.4Mb
Flavor: r-oldrel-macos-x86_64