Last updated on 2024-06-21 09:55:41 CEST.
Flavor | Version | Tinstall | Tcheck | Ttotal | Status | Flags |
---|---|---|---|---|---|---|
r-devel-linux-x86_64-debian-clang | 0.1.6 | 4.16 | 199.11 | 203.27 | OK | |
r-devel-linux-x86_64-debian-gcc | 0.1.6 | 3.49 | 133.87 | 137.36 | OK | |
r-devel-linux-x86_64-fedora-clang | 0.1.6 | 241.61 | NOTE | |||
r-devel-linux-x86_64-fedora-gcc | 0.1.6 | 256.28 | OK | |||
r-devel-windows-x86_64 | 0.1.6 | 5.00 | 255.00 | 260.00 | OK | |
r-patched-linux-x86_64 | 0.1.6 | 4.37 | 182.79 | 187.16 | OK | |
r-release-linux-x86_64 | 0.1.6 | 3.90 | 186.50 | 190.40 | OK | |
r-release-macos-arm64 | 0.1.6 | 65.00 | OK | |||
r-release-macos-x86_64 | 0.1.6 | 206.00 | OK | |||
r-release-windows-x86_64 | 0.1.6 | 7.00 | 261.00 | 268.00 | OK | |
r-oldrel-macos-arm64 | 0.1.6 | 102.00 | OK | |||
r-oldrel-macos-x86_64 | 0.1.6 | 221.00 | OK | |||
r-oldrel-windows-x86_64 | 0.1.6 | 6.00 | 276.00 | 282.00 | OK |
Version: 0.1.6
Check: Rd cross-references
Result: NOTE
Undeclared package ‘dfcrm’ in Rd xrefs
Flavor: r-devel-linux-x86_64-fedora-clang