Last updated on 2024-06-27 10:49:28 CEST.
Flavor | Version | Tinstall | Tcheck | Ttotal | Status | Flags |
---|---|---|---|---|---|---|
r-devel-linux-x86_64-debian-clang | 0.2.5 | OK | ||||
r-devel-linux-x86_64-debian-gcc | 0.2.5 | 2.30 | 24.26 | 26.56 | OK | |
r-devel-linux-x86_64-fedora-clang | 0.2.5 | 43.74 | NOTE | |||
r-devel-linux-x86_64-fedora-gcc | 0.2.5 | 56.58 | OK | |||
r-devel-windows-x86_64 | 0.2.5 | 5.00 | 50.00 | 55.00 | NOTE | |
r-patched-linux-x86_64 | 0.2.5 | 2.56 | 30.44 | 33.00 | OK | |
r-release-linux-x86_64 | 0.2.5 | 3.64 | 30.68 | 34.32 | OK | |
r-release-macos-arm64 | 0.2.5 | 28.00 | NOTE | |||
r-release-macos-x86_64 | 0.2.5 | 50.00 | NOTE | |||
r-release-windows-x86_64 | 0.2.5 | 6.00 | 50.00 | 56.00 | NOTE | |
r-oldrel-macos-arm64 | 0.2.5 | 28.00 | NOTE | |||
r-oldrel-macos-x86_64 | 0.2.5 | 70.00 | NOTE | |||
r-oldrel-windows-x86_64 | 0.2.5 | 6.00 | 50.00 | 56.00 | NOTE |
Version: 0.2.5
Check: installed package size
Result: NOTE
installed size is 6.8Mb
sub-directories of 1Mb or more:
include 6.4Mb
Flavors: r-devel-linux-x86_64-fedora-clang, r-devel-windows-x86_64, r-release-macos-arm64, r-release-macos-x86_64, r-release-windows-x86_64, r-oldrel-macos-arm64, r-oldrel-macos-x86_64, r-oldrel-windows-x86_64