Last updated on 2024-06-27 16:49:02 CEST.
Flavor | Version | Tinstall | Tcheck | Ttotal | Status | Flags |
---|---|---|---|---|---|---|
r-devel-linux-x86_64-debian-clang | 1.13.4 | OK | ||||
r-devel-linux-x86_64-debian-gcc | 1.13.4 | 8.65 | 50.70 | 59.35 | OK | |
r-devel-linux-x86_64-fedora-clang | 1.13.4 | 99.15 | NOTE | |||
r-devel-linux-x86_64-fedora-gcc | 1.13.4 | 104.66 | OK | |||
r-devel-windows-x86_64 | 1.13.4 | 12.00 | 71.00 | 83.00 | OK | |
r-patched-linux-x86_64 | 1.13.4 | 8.36 | 63.80 | 72.16 | OK | |
r-release-linux-x86_64 | 1.13.4 | 10.82 | 66.25 | 77.07 | OK | |
r-release-macos-arm64 | 1.13.4 | 31.00 | OK | |||
r-release-macos-x86_64 | 1.13.4 | 49.00 | OK | |||
r-release-windows-x86_64 | 1.13.4 | 13.00 | 70.00 | 83.00 | OK | |
r-oldrel-macos-arm64 | 1.13.4 | 35.00 | OK | |||
r-oldrel-macos-x86_64 | 1.13.4 | 56.00 | OK | |||
r-oldrel-windows-x86_64 | 1.13.4 | 17.00 | 84.00 | 101.00 | OK |
Version: 1.13.4
Check: installed package size
Result: NOTE
installed size is 7.6Mb
sub-directories of 1Mb or more:
libs 7.4Mb
Flavor: r-devel-linux-x86_64-fedora-clang