Last updated on 2024-07-13 11:49:10 CEST.
Flavor | Version | Tinstall | Tcheck | Ttotal | Status | Flags |
---|---|---|---|---|---|---|
r-devel-linux-x86_64-debian-clang | 0.0.2 | 2.70 | 49.98 | 52.68 | NOTE | |
r-devel-linux-x86_64-debian-gcc | 0.0.2 | 2.19 | 39.33 | 41.52 | NOTE | |
r-devel-linux-x86_64-fedora-clang | 0.0.2 | 66.88 | NOTE | |||
r-devel-linux-x86_64-fedora-gcc | 0.0.2 | 78.11 | NOTE | |||
r-devel-windows-x86_64 | 0.0.2 | 3.00 | 89.00 | 92.00 | NOTE | |
r-patched-linux-x86_64 | 0.0.2 | 2.87 | 50.22 | 53.09 | NOTE | |
r-release-linux-x86_64 | 0.0.2 | 3.04 | 49.13 | 52.17 | NOTE | |
r-release-macos-arm64 | 0.0.2 | 31.00 | NOTE | |||
r-release-macos-x86_64 | 0.0.2 | 51.00 | NOTE | |||
r-release-windows-x86_64 | 0.0.2 | 3.00 | 90.00 | 93.00 | NOTE | |
r-oldrel-macos-arm64 | 0.0.2 | 36.00 | NOTE | |||
r-oldrel-macos-x86_64 | 0.0.2 | 60.00 | NOTE | |||
r-oldrel-windows-x86_64 | 0.0.2 | 4.00 | 83.00 | 87.00 | NOTE |
Version: 0.0.2
Check: LazyData
Result: NOTE
'LazyData' is specified without a 'data' directory
Flavors: r-devel-linux-x86_64-debian-clang, r-devel-linux-x86_64-debian-gcc, r-devel-linux-x86_64-fedora-clang, r-devel-linux-x86_64-fedora-gcc, r-devel-windows-x86_64, r-patched-linux-x86_64, r-release-linux-x86_64, r-release-macos-arm64, r-release-macos-x86_64, r-release-windows-x86_64, r-oldrel-macos-arm64, r-oldrel-macos-x86_64, r-oldrel-windows-x86_64