Last updated on 2024-07-13 11:49:10 CEST.
Flavor | Version | Tinstall | Tcheck | Ttotal | Status | Flags |
---|---|---|---|---|---|---|
r-devel-linux-x86_64-debian-clang | 0.2.0 | 16.79 | 214.49 | 231.28 | OK | |
r-devel-linux-x86_64-debian-gcc | 0.2.0 | 14.61 | 162.12 | 176.73 | OK | |
r-devel-linux-x86_64-fedora-clang | 0.2.0 | 308.43 | NOTE | |||
r-devel-linux-x86_64-fedora-gcc | 0.2.0 | 303.32 | NOTE | |||
r-devel-windows-x86_64 | 0.2.0 | 18.00 | 175.00 | 193.00 | OK | |
r-patched-linux-x86_64 | 0.2.0 | 14.22 | 205.59 | 219.81 | OK | |
r-release-linux-x86_64 | 0.2.0 | 12.05 | 207.36 | 219.41 | OK | |
r-release-macos-arm64 | 0.2.0 | 88.00 | OK | |||
r-release-macos-x86_64 | 0.2.0 | 172.00 | OK | |||
r-release-windows-x86_64 | 0.2.0 | 16.00 | 179.00 | 195.00 | OK | |
r-oldrel-macos-arm64 | 0.2.0 | 84.00 | OK | |||
r-oldrel-macos-x86_64 | 0.2.0 | 143.00 | OK | |||
r-oldrel-windows-x86_64 | 0.2.0 | 21.00 | 224.00 | 245.00 | OK |
Version: 0.2.0
Check: dependencies in R code
Result: NOTE
Namespace in Imports field not imported from: ‘utils’
All declared Imports should be used.
Flavors: r-devel-linux-x86_64-fedora-clang, r-devel-linux-x86_64-fedora-gcc