Last updated on 2024-07-13 11:49:10 CEST.
Flavor | Version | Tinstall | Tcheck | Ttotal | Status | Flags |
---|---|---|---|---|---|---|
r-devel-linux-x86_64-debian-clang | 0.1.0 | 13.48 | 163.07 | 176.55 | OK | |
r-devel-linux-x86_64-debian-gcc | 0.1.0 | 10.53 | 118.56 | 129.09 | OK | |
r-devel-linux-x86_64-fedora-clang | 0.1.0 | 214.96 | NOTE | |||
r-devel-linux-x86_64-fedora-gcc | 0.1.0 | 215.06 | OK | |||
r-devel-windows-x86_64 | 0.1.0 | 13.00 | 132.00 | 145.00 | NOTE | |
r-patched-linux-x86_64 | 0.1.0 | 8.46 | 154.35 | 162.81 | OK | |
r-release-linux-x86_64 | 0.1.0 | 9.84 | 154.62 | 164.46 | OK | |
r-release-macos-arm64 | 0.1.0 | 64.00 | NOTE | |||
r-release-macos-x86_64 | 0.1.0 | 102.00 | NOTE | |||
r-release-windows-x86_64 | 0.1.0 | 13.00 | 130.00 | 143.00 | NOTE | |
r-oldrel-macos-arm64 | 0.1.0 | 56.00 | NOTE | |||
r-oldrel-macos-x86_64 | 0.1.0 | 143.00 | NOTE | |||
r-oldrel-windows-x86_64 | 0.1.0 | 17.00 | 162.00 | 179.00 | NOTE |
Version: 0.1.0
Check: installed package size
Result: NOTE
installed size is 7.2Mb
sub-directories of 1Mb or more:
doc 6.7Mb
Flavors: r-devel-linux-x86_64-fedora-clang, r-devel-windows-x86_64, r-release-macos-arm64, r-release-macos-x86_64, r-release-windows-x86_64, r-oldrel-macos-arm64, r-oldrel-macos-x86_64, r-oldrel-windows-x86_64