Last updated on 2024-07-13 11:49:10 CEST.
Flavor | Version | Tinstall | Tcheck | Ttotal | Status | Flags |
---|---|---|---|---|---|---|
r-devel-linux-x86_64-debian-clang | 1.0.1 | 11.72 | 138.02 | 149.74 | OK | |
r-devel-linux-x86_64-debian-gcc | 1.0.1 | 10.60 | 99.56 | 110.16 | OK | |
r-devel-linux-x86_64-fedora-clang | 1.0.1 | 201.31 | OK | |||
r-devel-linux-x86_64-fedora-gcc | 1.0.1 | 186.09 | OK | |||
r-devel-windows-x86_64 | 1.0.1 | 17.00 | 121.00 | 138.00 | OK | |
r-patched-linux-x86_64 | 1.0.1 | 13.81 | 130.57 | 144.38 | OK | |
r-release-linux-x86_64 | 1.0.0 | 13.15 | 130.02 | 143.17 | OK | |
r-release-macos-arm64 | 1.0.1 | 63.00 | OK | |||
r-release-macos-x86_64 | 1.0.1 | 168.00 | OK | |||
r-release-windows-x86_64 | 1.0.1 | 19.00 | 137.00 | 156.00 | OK | |
r-oldrel-macos-arm64 | 1.0.1 | 86.00 | ERROR | |||
r-oldrel-macos-x86_64 | 1.0.1 | 131.00 | ERROR | |||
r-oldrel-windows-x86_64 | 1.0.1 | 13.00 | 115.00 | 128.00 | OK |
Version: 1.0.1
Check: running R code from vignettes
Result: ERROR
Errors in running code in vignettes:
when running code in ‘extend-constructive.Rmd’
...
> x <- structure("12345", class = "Date")
> x
[1] "2003-10-20"
> x + 1
When sourcing ‘extend-constructive.R’:
Error: non-numeric argument to binary operator
Execution halted
‘extend-constructive.Rmd’ using ‘UTF-8’... failed
Flavors: r-oldrel-macos-arm64, r-oldrel-macos-x86_64