Last updated on 2024-06-27 10:49:28 CEST.
Flavor | Version | Tinstall | Tcheck | Ttotal | Status | Flags |
---|---|---|---|---|---|---|
r-devel-linux-x86_64-debian-clang | 0.3.0 | NOTE | ||||
r-devel-linux-x86_64-debian-gcc | 0.3.0 | 7.62 | 73.34 | 80.96 | NOTE | |
r-devel-linux-x86_64-fedora-clang | 0.3.0 | 144.09 | NOTE | |||
r-devel-linux-x86_64-fedora-gcc | 0.3.0 | 149.23 | NOTE | |||
r-devel-windows-x86_64 | 0.3.0 | 11.00 | 97.00 | 108.00 | NOTE | |
r-patched-linux-x86_64 | 0.3.0 | 9.91 | 94.64 | 104.55 | OK | |
r-release-linux-x86_64 | 0.3.0 | 9.32 | 95.29 | 104.61 | OK | |
r-release-macos-arm64 | 0.3.0 | 43.00 | OK | |||
r-release-macos-x86_64 | 0.3.0 | 89.00 | OK | |||
r-release-windows-x86_64 | 0.3.0 | 12.00 | 98.00 | 110.00 | OK | |
r-oldrel-macos-arm64 | 0.3.0 | 48.00 | OK | |||
r-oldrel-macos-x86_64 | 0.3.0 | 94.00 | OK | |||
r-oldrel-windows-x86_64 | 0.3.0 | 15.00 | 112.00 | 127.00 | OK |
Version: 0.3.0
Check: compiled code
Result: NOTE
File ‘constructive/libs/constructive.so’:
Found non-API calls to R: ‘PRCODE’, ‘PRENV’, ‘PRVALUE’, ‘STRING_PTR’
Compiled code should not call non-API entry points in R.
See ‘Writing portable packages’ in the ‘Writing R Extensions’ manual.
Flavors: r-devel-linux-x86_64-debian-clang, r-devel-linux-x86_64-fedora-clang, r-devel-linux-x86_64-fedora-gcc
Version: 0.3.0
Check: compiled code
Result: NOTE
File ‘constructive/libs/constructive.so’:
Found non-API calls to R: ‘PRCODE’, ‘PRENV’, ‘PRVALUE’, ‘STRING_PTR’
Compiled code should not call non-API entry points in R.
See ‘Writing portable packages’ in the ‘Writing R Extensions’ manual.
See section ‘Moving into C API compliance’ in the ‘Writing R
Extensions’ manual for issues with use of non-API entry points.
Flavor: r-devel-linux-x86_64-debian-gcc
Version: 0.3.0
Check: compiled code
Result: NOTE
File 'constructive/libs/x64/constructive.dll':
Found non-API calls to R: 'PRCODE', 'PRENV', 'PRVALUE', 'STRING_PTR'
Compiled code should not call non-API entry points in R.
See 'Writing portable packages' in the 'Writing R Extensions' manual.
Flavor: r-devel-windows-x86_64