Last updated on 2024-06-27 10:49:28 CEST.
Flavor | Version | Tinstall | Tcheck | Ttotal | Status | Flags |
---|---|---|---|---|---|---|
r-devel-linux-x86_64-debian-clang | 0.2.1 | OK | ||||
r-devel-linux-x86_64-debian-gcc | 0.2.1 | 3.90 | 39.25 | 43.15 | OK | |
r-devel-linux-x86_64-fedora-clang | 0.2.1 | 74.71 | NOTE | |||
r-devel-linux-x86_64-fedora-gcc | 0.2.1 | 84.67 | OK | |||
r-devel-windows-x86_64 | 0.2.1 | 7.00 | 65.00 | 72.00 | OK | |
r-patched-linux-x86_64 | 0.2.1 | 5.93 | 49.95 | 55.88 | OK | |
r-release-linux-x86_64 | 0.2.1 | 4.50 | 50.80 | 55.30 | OK | |
r-release-macos-arm64 | 0.2.1 | 31.00 | OK | |||
r-release-macos-x86_64 | 0.2.1 | 48.00 | OK | |||
r-release-windows-x86_64 | 0.2.1 | 7.00 | 65.00 | 72.00 | OK | |
r-oldrel-macos-arm64 | 0.2.1 | 30.00 | OK | |||
r-oldrel-macos-x86_64 | 0.2.1 | 87.00 | OK | |||
r-oldrel-windows-x86_64 | 0.2.1 | 9.00 | 70.00 | 79.00 | OK |
Version: 0.2.1
Check: installed package size
Result: NOTE
installed size is 5.0Mb
sub-directories of 1Mb or more:
htmlwidgets 3.9Mb
Flavor: r-devel-linux-x86_64-fedora-clang