Last updated on 2024-06-27 16:49:02 CEST.
Flavor | Version | Tinstall | Tcheck | Ttotal | Status | Flags |
---|---|---|---|---|---|---|
r-devel-linux-x86_64-debian-clang | 1.41 | NOTE | ||||
r-devel-linux-x86_64-debian-gcc | 1.41 | 10.58 | 100.95 | 111.53 | NOTE | |
r-devel-linux-x86_64-fedora-clang | 1.41 | 191.18 | NOTE | |||
r-devel-linux-x86_64-fedora-gcc | 1.41 | 191.58 | NOTE | |||
r-devel-windows-x86_64 | 1.41 | 11.00 | 120.00 | 131.00 | OK | |
r-patched-linux-x86_64 | 1.41 | 11.93 | 134.84 | 146.77 | NOTE | |
r-release-linux-x86_64 | 1.41 | 7.15 | 135.74 | 142.89 | NOTE | |
r-release-macos-arm64 | 1.41 | 57.00 | OK | |||
r-release-macos-x86_64 | 1.41 | 78.00 | OK | |||
r-release-windows-x86_64 | 1.41 | 12.00 | 125.00 | 137.00 | OK | |
r-oldrel-macos-arm64 | 1.41 | 53.00 | OK | |||
r-oldrel-macos-x86_64 | 1.41 | 84.00 | OK | |||
r-oldrel-windows-x86_64 | 1.41 | 14.00 | 146.00 | 160.00 | OK |
Version: 1.41
Check: for non-standard things in the check directory
Result: NOTE
Found the following files/directories:
‘design_names.csv’ ‘design_numbers.csv’
‘encoded_orthogonal_factorial_design.csv’
‘orthogonal_factorial_design.csv’
Flavors: r-devel-linux-x86_64-debian-clang, r-devel-linux-x86_64-debian-gcc, r-devel-linux-x86_64-fedora-clang, r-devel-linux-x86_64-fedora-gcc, r-patched-linux-x86_64, r-release-linux-x86_64