Last updated on 2024-06-27 10:49:28 CEST.
Flavor | Version | Tinstall | Tcheck | Ttotal | Status | Flags |
---|---|---|---|---|---|---|
r-devel-linux-x86_64-debian-clang | 1.2.4 | OK | ||||
r-devel-linux-x86_64-debian-gcc | 1.2.4 | 2.30 | 112.70 | 115.00 | OK | |
r-devel-linux-x86_64-fedora-clang | 1.2.4 | 174.97 | OK | |||
r-devel-linux-x86_64-fedora-gcc | 1.2.4 | 198.71 | OK | |||
r-devel-windows-x86_64 | 1.2.4 | 4.00 | 111.00 | 115.00 | OK | |
r-patched-linux-x86_64 | 1.2.4 | 7.60 | 131.69 | 139.29 | OK | |
r-release-linux-x86_64 | 1.2.4 | 2.22 | 132.98 | 135.20 | OK | |
r-release-macos-arm64 | 1.2.4 | 60.00 | OK | |||
r-release-macos-x86_64 | 1.2.4 | 87.00 | OK | |||
r-release-windows-x86_64 | 1.2.4 | 4.00 | 112.00 | 116.00 | OK | |
r-oldrel-macos-arm64 | 1.2.4 | 63.00 | OK | |||
r-oldrel-macos-x86_64 | 1.2.4 | 127.00 | OK | |||
r-oldrel-windows-x86_64 | 1.2.4 | 4.00 | 148.00 | 152.00 | ERROR |
Version: 1.2.4
Check: re-building of vignette outputs
Result: ERROR
Error(s) in re-building vignettes:
--- re-building 'coil-vignette.Rmd' using rmarkdown
Quitting from lines 222-229 [unnamed-chunk-14] (coil-vignette.Rmd)
Error: processing vignette 'coil-vignette.Rmd' failed with diagnostics:
subscript out of bounds
--- failed re-building 'coil-vignette.Rmd'
SUMMARY: processing the following file failed:
'coil-vignette.Rmd'
Error: Vignette re-building failed.
Execution halted
Flavor: r-oldrel-windows-x86_64