Last updated on 2024-07-13 11:49:09 CEST.
Flavor | Version | Tinstall | Tcheck | Ttotal | Status | Flags |
---|---|---|---|---|---|---|
r-devel-linux-x86_64-debian-clang | 1.0.2 | 36.91 | 145.78 | 182.69 | OK | |
r-devel-linux-x86_64-debian-gcc | 1.0.2 | 26.47 | 125.37 | 151.84 | OK | |
r-devel-linux-x86_64-fedora-clang | 1.0.2 | 230.99 | OK | |||
r-devel-linux-x86_64-fedora-gcc | 1.0.2 | 273.01 | OK | |||
r-devel-windows-x86_64 | 1.0.2 | 29.00 | 152.00 | 181.00 | OK | |
r-patched-linux-x86_64 | 1.0.2 | 30.05 | 150.04 | 180.09 | OK | |
r-release-linux-x86_64 | 1.0.2 | 28.59 | 144.81 | 173.40 | OK | |
r-release-macos-arm64 | 1.0.2 | 84.00 | NOTE | |||
r-release-macos-x86_64 | 1.0.2 | 108.00 | NOTE | |||
r-release-windows-x86_64 | 1.0.2 | 29.00 | 150.00 | 179.00 | OK | |
r-oldrel-macos-arm64 | 1.0.2 | 98.00 | NOTE | |||
r-oldrel-macos-x86_64 | 1.0.2 | 204.00 | NOTE | |||
r-oldrel-windows-x86_64 | 1.0.2 | 36.00 | 186.00 | 222.00 | OK |
Version: 1.0.2
Check: installed package size
Result: NOTE
installed size is 5.8Mb
sub-directories of 1Mb or more:
libs 5.6Mb
Flavors: r-release-macos-arm64, r-release-macos-x86_64, r-oldrel-macos-arm64, r-oldrel-macos-x86_64