Last updated on 2024-06-27 16:49:02 CEST.
Flavor | Version | Tinstall | Tcheck | Ttotal | Status | Flags |
---|---|---|---|---|---|---|
r-devel-linux-x86_64-debian-clang | 1.0.0 | OK | ||||
r-devel-linux-x86_64-debian-gcc | 1.0.0 | 2.33 | 17.68 | 20.01 | OK | |
r-devel-linux-x86_64-fedora-clang | 1.0.0 | 31.99 | NOTE | |||
r-devel-linux-x86_64-fedora-gcc | 1.0.0 | 32.97 | NOTE | |||
r-devel-windows-x86_64 | 1.0.0 | 4.00 | 37.00 | 41.00 | OK | |
r-patched-linux-x86_64 | 1.0.0 | 2.64 | 21.59 | 24.23 | OK | |
r-release-linux-x86_64 | 1.0.0 | 2.86 | 21.42 | 24.28 | OK | |
r-release-macos-arm64 | 1.0.0 | 19.00 | OK | |||
r-release-macos-x86_64 | 1.0.0 | 27.00 | OK | |||
r-release-windows-x86_64 | 1.0.0 | 6.00 | 39.00 | 45.00 | OK | |
r-oldrel-macos-arm64 | 1.0.0 | 21.00 | OK | |||
r-oldrel-macos-x86_64 | 1.0.0 | 36.00 | OK | |||
r-oldrel-windows-x86_64 | 1.0.0 | 7.00 | 37.00 | 44.00 | OK |
Version: 1.0.0
Check: data for non-ASCII characters
Result: NOTE
Note: found 2468 marked UTF-8 strings
Flavors: r-devel-linux-x86_64-fedora-clang, r-devel-linux-x86_64-fedora-gcc