Last updated on 2024-06-27 16:49:02 CEST.
Flavor | Version | Tinstall | Tcheck | Ttotal | Status | Flags |
---|---|---|---|---|---|---|
r-devel-linux-x86_64-debian-clang | 0.7.2 | NOTE | ||||
r-devel-linux-x86_64-debian-gcc | 0.7.2 | 129.61 | 94.47 | 224.08 | NOTE | |
r-devel-linux-x86_64-fedora-clang | 0.7.2 | 479.79 | NOTE | |||
r-devel-linux-x86_64-fedora-gcc | 0.7.2 | 488.46 | NOTE | |||
r-devel-windows-x86_64 | 0.7.2 | 142.00 | 142.00 | 284.00 | NOTE | |
r-patched-linux-x86_64 | 0.7.2 | 159.59 | 121.91 | 281.50 | NOTE | |
r-release-linux-x86_64 | 0.7.2 | 151.25 | 122.11 | 273.36 | NOTE | |
r-release-macos-arm64 | 0.7.2 | 104.00 | NOTE | |||
r-release-macos-x86_64 | 0.7.2 | 124.00 | NOTE | |||
r-release-windows-x86_64 | 0.7.2 | 149.00 | 137.00 | 286.00 | NOTE | |
r-oldrel-macos-arm64 | 0.7.2 | 110.00 | NOTE | |||
r-oldrel-macos-x86_64 | 0.7.2 | 200.00 | NOTE | |||
r-oldrel-windows-x86_64 | 0.7.2 | 179.00 | 178.00 | 357.00 | NOTE |
Version: 0.7.2
Check: package dependencies
Result: NOTE
Package suggested but not available for checking: ‘PopGenome’
Flavors: r-devel-linux-x86_64-debian-clang, r-devel-linux-x86_64-debian-gcc, r-devel-linux-x86_64-fedora-clang, r-devel-linux-x86_64-fedora-gcc, r-devel-windows-x86_64, r-patched-linux-x86_64, r-release-linux-x86_64, r-release-macos-arm64, r-release-macos-x86_64, r-release-windows-x86_64, r-oldrel-macos-arm64, r-oldrel-macos-x86_64, r-oldrel-windows-x86_64
Version: 0.7.2
Check: installed package size
Result: NOTE
installed size is 6.3Mb
sub-directories of 1Mb or more:
R 2.0Mb
libs 3.6Mb
Flavors: r-release-macos-arm64, r-release-macos-x86_64, r-oldrel-macos-arm64, r-oldrel-macos-x86_64