Last updated on 2024-07-13 11:49:09 CEST.
Flavor | Version | Tinstall | Tcheck | Ttotal | Status | Flags |
---|---|---|---|---|---|---|
r-devel-linux-x86_64-debian-clang | 0.2.3 | 151.96 | 621.62 | 773.58 | NOTE | |
r-devel-linux-x86_64-debian-gcc | 0.2.3 | 132.82 | 496.86 | 629.68 | NOTE | |
r-devel-linux-x86_64-fedora-clang | 0.2.3 | 956.65 | NOTE | |||
r-devel-linux-x86_64-fedora-gcc | 0.2.3 | 1088.46 | NOTE | |||
r-devel-windows-x86_64 | 0.2.3 | 139.00 | 413.00 | 552.00 | NOTE | |
r-patched-linux-x86_64 | 0.2.3 | 164.68 | 651.02 | 815.70 | NOTE | |
r-release-linux-x86_64 | 0.2.3 | 121.00 | 648.65 | 769.65 | NOTE | |
r-release-macos-arm64 | 0.2.3 | 204.00 | NOTE | |||
r-release-macos-x86_64 | 0.2.3 | 360.00 | NOTE | |||
r-release-windows-x86_64 | 0.2.3 | 128.00 | 424.00 | 552.00 | NOTE | |
r-oldrel-macos-arm64 | 0.2.3 | 249.00 | NOTE | |||
r-oldrel-macos-x86_64 | 0.2.3 | 779.00 | NOTE | |||
r-oldrel-windows-x86_64 | 0.2.3 | 168.00 | 553.00 | 721.00 | NOTE |
Version: 0.2.3
Check: for GNU extensions in Makefiles
Result: NOTE
GNU make is a SystemRequirements.
Flavors: r-devel-linux-x86_64-debian-clang, r-devel-linux-x86_64-debian-gcc, r-devel-linux-x86_64-fedora-clang, r-devel-linux-x86_64-fedora-gcc, r-devel-windows-x86_64, r-patched-linux-x86_64, r-release-linux-x86_64, r-release-macos-arm64, r-release-macos-x86_64, r-release-windows-x86_64, r-oldrel-macos-arm64, r-oldrel-macos-x86_64, r-oldrel-windows-x86_64
Version: 0.2.3
Check: installed package size
Result: NOTE
installed size is 38.5Mb
sub-directories of 1Mb or more:
libs 36.4Mb
Flavors: r-release-macos-arm64, r-release-macos-x86_64, r-oldrel-macos-arm64, r-oldrel-macos-x86_64