Last updated on 2024-06-27 16:49:01 CEST.
Flavor | Version | Tinstall | Tcheck | Ttotal | Status | Flags |
---|---|---|---|---|---|---|
r-devel-linux-x86_64-debian-clang | 0.14.0 | OK | ||||
r-devel-linux-x86_64-debian-gcc | 0.15.1 | 18.29 | 98.55 | 116.84 | OK | |
r-devel-linux-x86_64-fedora-clang | 0.15.1 | 207.20 | NOTE | |||
r-devel-linux-x86_64-fedora-gcc | 0.15.1 | 191.03 | OK | |||
r-devel-windows-x86_64 | 0.15.1 | 23.00 | 130.00 | 153.00 | NOTE | |
r-patched-linux-x86_64 | 0.15.1 | 24.11 | 132.28 | 156.39 | OK | |
r-release-linux-x86_64 | 0.14.0 | 23.29 | 133.76 | 157.05 | OK | |
r-release-macos-arm64 | 0.15.1 | 58.00 | NOTE | |||
r-release-macos-x86_64 | 0.15.1 | 143.00 | NOTE | |||
r-release-windows-x86_64 | 0.14.0 | 22.00 | 128.00 | 150.00 | NOTE | |
r-oldrel-macos-arm64 | 0.15.1 | 62.00 | NOTE | |||
r-oldrel-macos-x86_64 | 0.15.1 | 101.00 | NOTE | |||
r-oldrel-windows-x86_64 | 0.15.1 | 26.00 | 154.00 | 180.00 | NOTE |
Version: 0.15.1
Check: installed package size
Result: NOTE
installed size is 6.7Mb
sub-directories of 1Mb or more:
R 1.8Mb
extdata 4.3Mb
Flavors: r-devel-linux-x86_64-fedora-clang, r-devel-windows-x86_64, r-release-macos-arm64, r-release-macos-x86_64, r-oldrel-macos-arm64, r-oldrel-macos-x86_64, r-oldrel-windows-x86_64
Version: 0.14.0
Check: installed package size
Result: NOTE
installed size is 6.6Mb
sub-directories of 1Mb or more:
R 1.7Mb
extdata 4.3Mb
Flavor: r-release-windows-x86_64