Last updated on 2024-06-27 16:49:01 CEST.
Flavor | Version | Tinstall | Tcheck | Ttotal | Status | Flags |
---|---|---|---|---|---|---|
r-devel-linux-x86_64-debian-clang | 0.4.5 | NOTE | ||||
r-devel-linux-x86_64-debian-gcc | 0.4.5 | 5.76 | 51.28 | 57.04 | NOTE | |
r-devel-linux-x86_64-fedora-clang | 0.4.5 | 96.55 | NOTE | |||
r-devel-linux-x86_64-fedora-gcc | 0.4.5 | 106.78 | NOTE | |||
r-devel-windows-x86_64 | 0.4.5 | 7.00 | 70.00 | 77.00 | NOTE | |
r-patched-linux-x86_64 | 0.4.5 | 6.73 | 65.28 | 72.01 | NOTE | |
r-release-linux-x86_64 | 0.4.5 | 6.92 | 66.52 | 73.44 | NOTE | |
r-release-macos-arm64 | 0.4.5 | 37.00 | NOTE | |||
r-release-macos-x86_64 | 0.4.5 | 54.00 | NOTE | |||
r-release-windows-x86_64 | 0.4.5 | 7.00 | 70.00 | 77.00 | NOTE | |
r-oldrel-macos-arm64 | 0.4.5 | 34.00 | NOTE | |||
r-oldrel-macos-x86_64 | 0.4.5 | 51.00 | NOTE | |||
r-oldrel-windows-x86_64 | 0.4.5 | 8.00 | 79.00 | 87.00 | NOTE |
Version: 0.4.5
Check: LazyData
Result: NOTE
'LazyData' is specified without a 'data' directory
Flavors: r-devel-linux-x86_64-debian-clang, r-devel-linux-x86_64-debian-gcc, r-devel-linux-x86_64-fedora-clang, r-devel-linux-x86_64-fedora-gcc, r-devel-windows-x86_64, r-patched-linux-x86_64, r-release-linux-x86_64, r-release-macos-arm64, r-release-macos-x86_64, r-release-windows-x86_64, r-oldrel-macos-arm64, r-oldrel-macos-x86_64, r-oldrel-windows-x86_64