Last updated on 2024-06-27 16:49:01 CEST.
Flavor | Version | Tinstall | Tcheck | Ttotal | Status | Flags |
---|---|---|---|---|---|---|
r-devel-linux-x86_64-debian-clang | 0.1.1 | NOTE | ||||
r-devel-linux-x86_64-debian-gcc | 0.1.1 | 30.41 | 161.31 | 191.72 | NOTE | |
r-devel-linux-x86_64-fedora-clang | 0.1.1 | 330.11 | NOTE | |||
r-devel-linux-x86_64-fedora-gcc | 0.1.1 | 324.15 | NOTE | |||
r-devel-windows-x86_64 | 0.1.1 | 22.00 | 159.00 | 181.00 | NOTE | |
r-patched-linux-x86_64 | 0.1.1 | 31.66 | 210.57 | 242.23 | NOTE | |
r-release-linux-x86_64 | 0.1.1 | 25.13 | 211.35 | 236.48 | NOTE | |
r-release-macos-arm64 | 0.1.1 | 93.00 | NOTE | |||
r-release-macos-x86_64 | 0.1.1 | 124.00 | NOTE | |||
r-release-windows-x86_64 | 0.1.1 | 22.00 | 159.00 | 181.00 | NOTE | |
r-oldrel-macos-arm64 | 0.1.1 | 90.00 | NOTE | |||
r-oldrel-macos-x86_64 | 0.1.1 | 141.00 | NOTE | |||
r-oldrel-windows-x86_64 | 0.1.1 | 28.00 | 194.00 | 222.00 | NOTE |
Version: 0.1.1
Check: package dependencies
Result: NOTE
Package suggested but not available for checking: ‘cmdstanr’
Flavors: r-devel-linux-x86_64-debian-clang, r-devel-linux-x86_64-debian-gcc, r-devel-linux-x86_64-fedora-clang, r-devel-linux-x86_64-fedora-gcc, r-devel-windows-x86_64, r-patched-linux-x86_64, r-release-linux-x86_64, r-release-macos-arm64, r-release-macos-x86_64, r-release-windows-x86_64, r-oldrel-macos-arm64, r-oldrel-macos-x86_64, r-oldrel-windows-x86_64
Version: 0.1.1
Check: Rd cross-references
Result: NOTE
Package unavailable to check Rd xrefs: ‘cmdstanr’
Flavors: r-devel-linux-x86_64-debian-clang, r-devel-linux-x86_64-debian-gcc, r-devel-linux-x86_64-fedora-clang, r-devel-linux-x86_64-fedora-gcc, r-devel-windows-x86_64, r-patched-linux-x86_64, r-release-linux-x86_64, r-release-macos-arm64, r-release-macos-x86_64, r-release-windows-x86_64, r-oldrel-macos-arm64, r-oldrel-macos-x86_64, r-oldrel-windows-x86_64
Version: 0.1.1
Check: dependencies in R code
Result: NOTE
Namespace in Imports field not imported from: ‘Rdpack’
All declared Imports should be used.
Flavors: r-devel-linux-x86_64-fedora-clang, r-devel-linux-x86_64-fedora-gcc