Last updated on 2024-06-21 09:55:41 CEST.
Flavor | Version | Tinstall | Tcheck | Ttotal | Status | Flags |
---|---|---|---|---|---|---|
r-devel-linux-x86_64-debian-clang | 0.1.8 | 12.90 | 586.39 | 599.29 | NOTE | |
r-devel-linux-x86_64-debian-gcc | 0.1.8 | 10.60 | 508.71 | 519.31 | NOTE | |
r-devel-linux-x86_64-fedora-clang | 0.1.8 | 751.43 | NOTE | |||
r-devel-linux-x86_64-fedora-gcc | 0.1.8 | 758.68 | NOTE | |||
r-devel-windows-x86_64 | 0.1.8 | 12.00 | 482.00 | 494.00 | NOTE | |
r-patched-linux-x86_64 | 0.1.8 | 13.52 | 569.34 | 582.86 | NOTE | |
r-release-linux-x86_64 | 0.1.8 | 8.09 | 582.25 | 590.34 | NOTE | |
r-release-macos-arm64 | 0.1.8 | 289.00 | NOTE | |||
r-release-macos-x86_64 | 0.1.8 | 358.00 | NOTE | |||
r-release-windows-x86_64 | 0.1.8 | 12.00 | 516.00 | 528.00 | NOTE | |
r-oldrel-macos-arm64 | 0.1.8 | 275.00 | NOTE | |||
r-oldrel-macos-x86_64 | 0.1.8 | 440.00 | NOTE | |||
r-oldrel-windows-x86_64 | 0.1.8 | 14.00 | 635.00 | 649.00 | NOTE |
Version: 0.1.8
Check: package dependencies
Result: NOTE
Package suggested but not available for checking: ‘countreg’
Flavors: r-devel-linux-x86_64-debian-clang, r-devel-linux-x86_64-debian-gcc, r-devel-linux-x86_64-fedora-clang, r-devel-linux-x86_64-fedora-gcc, r-devel-windows-x86_64, r-patched-linux-x86_64, r-release-linux-x86_64, r-release-macos-arm64, r-release-macos-x86_64, r-release-windows-x86_64, r-oldrel-macos-x86_64, r-oldrel-windows-x86_64
Version: 0.1.8
Check: dependencies in R code
Result: NOTE
Namespaces in Imports field not imported from:
'knitr' 'rmarkdown'
All declared Imports should be used.
Flavors: r-devel-linux-x86_64-fedora-clang, r-devel-linux-x86_64-fedora-gcc
Version: 0.1.8
Check: package dependencies
Result: NOTE
Packages suggested but not available for checking:
'GenomicInteractions', 'Gviz', 'countreg'
Flavor: r-oldrel-macos-arm64