Last updated on 2024-06-27 10:49:28 CEST.
Flavor | Version | Tinstall | Tcheck | Ttotal | Status | Flags |
---|---|---|---|---|---|---|
r-devel-linux-x86_64-debian-clang | 1.0.0 | NOTE | ||||
r-devel-linux-x86_64-debian-gcc | 1.0.0 | 6.43 | 156.10 | 162.53 | NOTE | |
r-devel-linux-x86_64-fedora-clang | 1.0.0 | 287.99 | NOTE | |||
r-devel-linux-x86_64-fedora-gcc | 1.0.0 | 284.71 | NOTE | |||
r-devel-windows-x86_64 | 1.0.0 | 9.00 | 163.00 | 172.00 | NOTE | |
r-patched-linux-x86_64 | 1.0.0 | 12.23 | 199.86 | 212.09 | NOTE | |
r-release-linux-x86_64 | 1.0.0 | 5.19 | 201.69 | 206.88 | NOTE | |
r-release-macos-arm64 | 1.0.0 | 78.00 | NOTE | |||
r-release-macos-x86_64 | 1.0.0 | 126.00 | NOTE | |||
r-release-windows-x86_64 | 1.0.0 | 9.00 | 166.00 | 175.00 | NOTE | |
r-oldrel-macos-arm64 | 1.0.0 | 84.00 | OK | |||
r-oldrel-macos-x86_64 | 1.0.0 | 264.00 | OK | |||
r-oldrel-windows-x86_64 | 1.0.0 | 11.00 | 198.00 | 209.00 | OK |
Version: 1.0.0
Check: Rd files
Result: NOTE
checkRd: (-1) calc_metrics.Rd:22-25: Lost braces in \itemize; meant \describe ?
checkRd: (-1) calc_metrics.Rd:26-29: Lost braces in \itemize; meant \describe ?
checkRd: (-1) calc_metrics.Rd:30-33: Lost braces in \itemize; meant \describe ?
checkRd: (-1) calc_metrics.Rd:34-37: Lost braces in \itemize; meant \describe ?
checkRd: (-1) calc_metrics.Rd:38-44: Lost braces in \itemize; meant \describe ?
checkRd: (-1) calc_metrics.Rd:45-48: Lost braces in \itemize; meant \describe ?
checkRd: (-1) calc_metrics.Rd:49-52: Lost braces in \itemize; meant \describe ?
checkRd: (-1) calc_metrics.Rd:53-55: Lost braces in \itemize; meant \describe ?
checkRd: (-1) calc_metrics.Rd:56-58: Lost braces in \itemize; meant \describe ?
checkRd: (-1) calc_metrics.Rd:59-61: Lost braces in \itemize; meant \describe ?
checkRd: (-1) calc_metrics.Rd:62-64: Lost braces in \itemize; meant \describe ?
Flavors: r-devel-linux-x86_64-debian-clang, r-devel-linux-x86_64-debian-gcc, r-devel-linux-x86_64-fedora-clang, r-devel-linux-x86_64-fedora-gcc, r-devel-windows-x86_64, r-patched-linux-x86_64, r-release-linux-x86_64, r-release-macos-arm64, r-release-macos-x86_64, r-release-windows-x86_64