Last updated on 2024-07-13 11:49:09 CEST.
Flavor | Version | Tinstall | Tcheck | Ttotal | Status | Flags |
---|---|---|---|---|---|---|
r-devel-linux-x86_64-debian-clang | 2.3.1 | 11.28 | 113.76 | 125.04 | NOTE | |
r-devel-linux-x86_64-debian-gcc | 2.3.1 | 9.24 | 81.29 | 90.53 | NOTE | |
r-devel-linux-x86_64-fedora-clang | 2.3.1 | 162.18 | NOTE | |||
r-devel-linux-x86_64-fedora-gcc | 2.3.1 | 163.23 | NOTE | |||
r-devel-windows-x86_64 | 2.3.1 | 17.00 | 118.00 | 135.00 | WARN | |
r-patched-linux-x86_64 | 2.3.1 | 17.45 | 104.87 | 122.32 | OK | |
r-release-linux-x86_64 | 2.3.1 | 10.67 | 107.56 | 118.23 | OK | |
r-release-macos-arm64 | 2.3.1 | 49.00 | OK | |||
r-release-macos-x86_64 | 2.3.1 | 112.00 | OK | |||
r-release-windows-x86_64 | 2.3.1 | 16.00 | 117.00 | 133.00 | WARN | |
r-oldrel-macos-arm64 | 2.3.1 | 57.00 | OK | |||
r-oldrel-macos-x86_64 | 2.3.1 | 137.00 | OK | |||
r-oldrel-windows-x86_64 | 2.3.1 | 18.00 | 137.00 | 155.00 | OK |
Version: 2.3.1
Check: compiled code
Result: NOTE
File ‘checkmate/libs/checkmate.so’:
Found non-API call to R: ‘R_nchar’
Compiled code should not call non-API entry points in R.
See ‘Writing portable packages’ in the ‘Writing R Extensions’ manual,
and section ‘Moving into C API compliance’ for issues with the use of
non-API entry points.
Flavors: r-devel-linux-x86_64-debian-clang, r-devel-linux-x86_64-debian-gcc, r-devel-linux-x86_64-fedora-clang, r-devel-linux-x86_64-fedora-gcc
Version: 2.3.1
Check: whether package can be installed
Result: WARN
Found the following significant warnings:
checks.c:489:80: warning: unknown conversion type character 'j' in format [-Wformat=]
checks.c:489:36: warning: too many arguments for format [-Wformat-extra-args]
checks.c:493:80: warning: unknown conversion type character 'j' in format [-Wformat=]
checks.c:493:36: warning: too many arguments for format [-Wformat-extra-args]
checks.c:497:80: warning: unknown conversion type character 'j' in format [-Wformat=]
checks.c:497:36: warning: too many arguments for format [-Wformat-extra-args]
See 'd:/Rcompile/CRANpkg/local/4.5/checkmate.Rcheck/00install.out' for details.
* used C compiler: 'gcc.exe (GCC) 13.2.0'
Flavor: r-devel-windows-x86_64
Version: 2.3.1
Check: compiled code
Result: NOTE
File 'checkmate/libs/x64/checkmate.dll':
Found non-API call to R: 'R_nchar'
Compiled code should not call non-API entry points in R.
See 'Writing portable packages' in the 'Writing R Extensions' manual,
and section 'Moving into C API compliance' for issues with the use of
non-API entry points.
Flavor: r-devel-windows-x86_64
Version: 2.3.1
Check: whether package can be installed
Result: WARN
Found the following significant warnings:
checks.c:489:80: warning: unknown conversion type character 'j' in format [-Wformat=]
checks.c:489:36: warning: too many arguments for format [-Wformat-extra-args]
checks.c:493:80: warning: unknown conversion type character 'j' in format [-Wformat=]
checks.c:493:36: warning: too many arguments for format [-Wformat-extra-args]
checks.c:497:80: warning: unknown conversion type character 'j' in format [-Wformat=]
checks.c:497:36: warning: too many arguments for format [-Wformat-extra-args]
See 'd:/Rcompile/CRANpkg/local/4.4/checkmate.Rcheck/00install.out' for details.
* used C compiler: 'gcc.exe (GCC) 13.2.0'
Flavor: r-release-windows-x86_64