Last updated on 2024-06-27 16:49:01 CEST.
Flavor | Version | Tinstall | Tcheck | Ttotal | Status | Flags |
---|---|---|---|---|---|---|
r-devel-linux-x86_64-debian-clang | 0.1.0 | NOTE | ||||
r-devel-linux-x86_64-debian-gcc | 0.1.0 | 9.16 | 77.95 | 87.11 | NOTE | |
r-devel-linux-x86_64-fedora-clang | 0.1.0 | 144.13 | NOTE | |||
r-devel-linux-x86_64-fedora-gcc | 0.1.0 | 145.78 | NOTE | |||
r-devel-windows-x86_64 | 0.1.0 | 11.00 | 175.00 | 186.00 | NOTE | |
r-patched-linux-x86_64 | 0.1.0 | 19.89 | 100.81 | 120.70 | NOTE | |
r-release-linux-x86_64 | 0.1.0 | 11.06 | 104.49 | 115.55 | NOTE | |
r-release-macos-arm64 | 0.1.0 | 41.00 | NOTE | |||
r-release-macos-x86_64 | 0.1.0 | 69.00 | NOTE | |||
r-release-windows-x86_64 | 0.1.0 | 12.00 | 178.00 | 190.00 | NOTE | |
r-oldrel-macos-arm64 | 0.1.0 | 43.00 | NOTE | |||
r-oldrel-macos-x86_64 | 0.1.0 | 78.00 | NOTE | |||
r-oldrel-windows-x86_64 | 0.1.0 | 11.00 | 201.00 | 212.00 | NOTE |
Version: 0.1.0
Check: LazyData
Result: NOTE
'LazyData' is specified without a 'data' directory
Flavors: r-devel-linux-x86_64-debian-clang, r-devel-linux-x86_64-debian-gcc, r-devel-linux-x86_64-fedora-clang, r-devel-linux-x86_64-fedora-gcc, r-devel-windows-x86_64, r-patched-linux-x86_64, r-release-linux-x86_64, r-release-macos-arm64, r-release-macos-x86_64, r-release-windows-x86_64, r-oldrel-macos-arm64, r-oldrel-macos-x86_64, r-oldrel-windows-x86_64