Last updated on 2024-06-27 10:49:27 CEST.
Flavor | Version | Tinstall | Tcheck | Ttotal | Status | Flags |
---|---|---|---|---|---|---|
r-devel-linux-x86_64-debian-clang | 2.0 | NOTE | ||||
r-devel-linux-x86_64-debian-gcc | 2.0 | 6.90 | 56.63 | 63.53 | NOTE | |
r-devel-linux-x86_64-fedora-clang | 2.0 | 103.83 | NOTE | |||
r-devel-linux-x86_64-fedora-gcc | 2.0 | 103.46 | NOTE | |||
r-devel-windows-x86_64 | 2.0 | 8.00 | 69.00 | 77.00 | NOTE | |
r-patched-linux-x86_64 | 2.0 | 6.19 | 71.62 | 77.81 | NOTE | |
r-release-linux-x86_64 | 2.0 | 8.80 | 72.23 | 81.03 | NOTE | |
r-release-macos-arm64 | 2.0 | 31.00 | NOTE | |||
r-release-macos-x86_64 | 2.0 | 57.00 | NOTE | |||
r-release-windows-x86_64 | 2.0 | 8.00 | 72.00 | 80.00 | NOTE | |
r-oldrel-macos-arm64 | 2.0 | 39.00 | NOTE | |||
r-oldrel-macos-x86_64 | 2.0 | 59.00 | NOTE | |||
r-oldrel-windows-x86_64 | 2.0 | 10.00 | 83.00 | 93.00 | NOTE |
Version: 2.0
Check: dependencies in R code
Result: NOTE
Unexported objects imported by ':::' calls:
‘copula:::dCdu’ ‘copula:::fitCopStart’
See the note in ?`:::` about the use of this operator.
Flavors: r-devel-linux-x86_64-debian-clang, r-devel-linux-x86_64-debian-gcc, r-devel-linux-x86_64-fedora-clang, r-devel-linux-x86_64-fedora-gcc, r-devel-windows-x86_64, r-patched-linux-x86_64, r-release-linux-x86_64, r-release-macos-arm64, r-release-macos-x86_64, r-release-windows-x86_64, r-oldrel-macos-arm64, r-oldrel-macos-x86_64, r-oldrel-windows-x86_64