Last updated on 2024-06-27 16:49:01 CEST.
Flavor | Version | Tinstall | Tcheck | Ttotal | Status | Flags |
---|---|---|---|---|---|---|
r-devel-linux-x86_64-debian-clang | 1.2.0 | OK | ||||
r-devel-linux-x86_64-debian-gcc | 1.2.0 | 4.30 | 295.09 | 299.39 | OK | |
r-devel-linux-x86_64-fedora-clang | 1.2.0 | 515.15 | NOTE | |||
r-devel-linux-x86_64-fedora-gcc | 1.2.0 | 512.54 | OK | |||
r-devel-windows-x86_64 | 1.2.0 | 7.00 | 283.00 | 290.00 | OK | |
r-patched-linux-x86_64 | 1.2.0 | 8.68 | 405.12 | 413.80 | OK | |
r-release-linux-x86_64 | 1.2.0 | 6.91 | 403.08 | 409.99 | OK | |
r-release-macos-arm64 | 1.2.0 | 130.00 | OK | |||
r-release-macos-x86_64 | 1.2.0 | 236.00 | OK | |||
r-release-windows-x86_64 | 1.2.0 | 8.00 | 284.00 | 292.00 | OK | |
r-oldrel-macos-arm64 | 1.2.0 | 163.00 | OK | |||
r-oldrel-macos-x86_64 | 1.2.0 | 439.00 | OK | |||
r-oldrel-windows-x86_64 | 1.2.0 | 6.00 | 368.00 | 374.00 | OK |
Version: 1.2.0
Check: installed package size
Result: NOTE
installed size is 5.0Mb
sub-directories of 1Mb or more:
doc 3.6Mb
Flavor: r-devel-linux-x86_64-fedora-clang