Last updated on 2024-07-13 05:49:09 CEST.
Flavor | Version | Tinstall | Tcheck | Ttotal | Status | Flags |
---|---|---|---|---|---|---|
r-devel-linux-x86_64-debian-clang | 0.5.0 | 15.25 | 409.46 | 424.71 | OK | |
r-devel-linux-x86_64-debian-gcc | 0.5.0 | 12.88 | 299.27 | 312.15 | OK | |
r-devel-linux-x86_64-fedora-clang | 0.5.0 | 510.06 | NOTE | |||
r-devel-linux-x86_64-fedora-gcc | 0.5.0 | 524.06 | NOTE | |||
r-devel-windows-x86_64 | 0.5.0 | 15.00 | 294.00 | 309.00 | OK | |
r-patched-linux-x86_64 | 0.5.0 | 12.19 | 376.84 | 389.03 | OK | |
r-release-linux-x86_64 | 0.5.0 | 9.15 | 375.54 | 384.69 | OK | |
r-release-macos-arm64 | 0.5.0 | 137.00 | OK | |||
r-release-macos-x86_64 | 0.5.0 | 198.00 | OK | |||
r-release-windows-x86_64 | 0.5.0 | 16.00 | 290.00 | 306.00 | OK | |
r-oldrel-macos-arm64 | 0.5.0 | 196.00 | OK | |||
r-oldrel-macos-x86_64 | 0.5.0 | 305.00 | OK | |||
r-oldrel-windows-x86_64 | 0.5.0 | 19.00 | 386.00 | 405.00 | OK |
Version: 0.5.0
Check: data for non-ASCII characters
Result: NOTE
Note: found 58 marked UTF-8 strings
Flavors: r-devel-linux-x86_64-fedora-clang, r-devel-linux-x86_64-fedora-gcc